Last updated on 2024-05-02 01:57:08 CEST.
Flavor | Version | Tinstall | Tcheck | Ttotal | Status | Flags |
---|---|---|---|---|---|---|
r-devel-linux-x86_64-debian-clang | 1.7-2 | 2.28 | 50.42 | 52.70 | OK | |
r-devel-linux-x86_64-debian-gcc | 1.7-2 | 2.06 | 38.21 | 40.27 | OK | |
r-devel-linux-x86_64-fedora-clang | 1.7-2 | 64.62 | OK | |||
r-devel-linux-x86_64-fedora-gcc | 1.7-2 | 62.20 | OK | |||
r-devel-windows-x86_64 | 1.7-2 | 4.00 | 87.00 | 91.00 | OK | |
r-patched-linux-x86_64 | 1.7-2 | 2.73 | 47.89 | 50.62 | OK | |
r-release-linux-x86_64 | 1.7-2 | 2.17 | 47.46 | 49.63 | OK | |
r-release-macos-arm64 | 1.7-2 | 57.00 | OK | |||
r-release-macos-x86_64 | 1.7-2 | 54.00 | ERROR | |||
r-release-windows-x86_64 | 1.7-2 | 3.00 | 87.00 | 90.00 | OK | |
r-oldrel-macos-arm64 | 1.7-2 | 63.00 | OK | |||
r-oldrel-macos-x86_64 | 1.7-2 | 86.00 | OK | |||
r-oldrel-windows-x86_64 | 1.7-2 | 4.00 | 91.00 | 95.00 | OK |
Version: 1.7-2
Check: package dependencies
Result: NOTE
Packages suggested but not available for checking:
'shiny', 'future', 'future.apply'
Flavor: r-release-macos-x86_64
Version: 1.7-2
Check: tests
Result: ERROR
Running ‘tests.R’ [8s/21s]
Running the tests in ‘tests/tests.R’ failed.
Last 13 lines of output:
|++++++ | 12% ~01s
|+++++++ | 14% ~01s
|++++++++ | 16% ~01s
|+++++++++ | 18% ~01s
|++++++++++ | 20% ~01s
|+++++++++++ | 22% ~01s
|++++++++++++ | 24% ~01s
|+++++++++++++ | 26% ~01s
|++++++++++++++ | 28% ~01s
|+++++++++++++++ | 30% ~01s
|++++++++++++++++ | 32% ~01s
|+++++++++++++++++ | 34% ~01s
Timing stopped at: 0.166 0.27 0.328
Execution halted
* checking PDF version of manual ...* using check arguments '--no-clean-on-error '
Flavor: r-release-macos-x86_64
These binaries (installable software) and packages are in development.
They may not be fully stable and should be used with caution. We make no claims about them.
Health stats visible at Monitor.