CRAN Package Check Results for Package paws.analytics

Last updated on 2025-02-23 19:51:15 CET.

Flavor Version Tinstall Tcheck Ttotal Status Flags
r-devel-linux-x86_64-debian-clang 0.8.0 1253.87 449.92 1703.79 OK
r-devel-linux-x86_64-debian-gcc 0.8.0 809.97 298.90 1108.87 OK
r-devel-linux-x86_64-fedora-clang 0.8.0 2277.25 OK
r-devel-linux-x86_64-fedora-gcc 0.8.0 1808.39 ERROR
r-devel-macos-arm64 0.8.0 710.00 OK
r-devel-macos-x86_64 0.8.0 1253.00 OK
r-devel-windows-x86_64 0.8.0 1008.00 593.00 1601.00 OK
r-patched-linux-x86_64 0.8.0 1247.32 409.98 1657.30 OK
r-release-linux-x86_64 0.8.0 1492.29 407.71 1900.00 OK
r-release-macos-arm64 0.8.0 860.00 NOTE
r-release-macos-x86_64 0.8.0 1494.00 NOTE
r-release-windows-x86_64 0.8.0 999.00 564.00 1563.00 NOTE
r-oldrel-macos-arm64 0.7.0 1449.00 NOTE
r-oldrel-macos-x86_64 0.8.0 1512.00 NOTE
r-oldrel-windows-x86_64 0.8.0 1633.00 651.00 2284.00 NOTE

Check Details

Version: 0.8.0
Check: whether package can be installed
Result: ERROR Installation failed. Flavor: r-devel-linux-x86_64-fedora-gcc

Version: 0.8.0
Check: installed package size
Result: NOTE installed size is 10.9Mb sub-directories of 1Mb or more: R 7.8Mb help 2.8Mb Flavors: r-release-macos-arm64, r-release-macos-x86_64, r-release-windows-x86_64, r-oldrel-macos-x86_64, r-oldrel-windows-x86_64

Version: 0.7.0
Check: installed package size
Result: NOTE installed size is 11.1Mb sub-directories of 1Mb or more: R 7.9Mb help 3.1Mb Flavor: r-oldrel-macos-arm64

These binaries (installable software) and packages are in development.
They may not be fully stable and should be used with caution. We make no claims about them.
Health stats visible at Monitor.