Last updated on 2025-02-02 07:50:21 CET.
Flavor | Version | Tinstall | Tcheck | Ttotal | Status | Flags |
---|---|---|---|---|---|---|
r-devel-linux-x86_64-debian-clang | 0.2.0 | 8.37 | 183.00 | 191.37 | OK | |
r-devel-linux-x86_64-debian-gcc | 0.2.0 | 4.86 | 119.08 | 123.94 | OK | |
r-devel-linux-x86_64-fedora-clang | 0.2.0 | 308.23 | OK | |||
r-devel-linux-x86_64-fedora-gcc | 0.2.0 | 303.70 | OK | |||
r-devel-windows-x86_64 | 0.2.0 | 10.00 | 218.00 | 228.00 | OK | |
r-patched-linux-x86_64 | 0.2.0 | 7.57 | 174.87 | 182.44 | OK | |
r-release-linux-x86_64 | 0.2.0 | 7.26 | 173.93 | 181.19 | OK | |
r-release-macos-arm64 | 0.2.0 | 107.00 | OK | |||
r-release-macos-x86_64 | 0.2.0 | 283.00 | OK | |||
r-release-windows-x86_64 | 0.2.0 | 12.00 | 219.00 | 231.00 | OK | |
r-oldrel-macos-arm64 | 0.2.0 | 105.00 | OK | |||
r-oldrel-macos-x86_64 | 0.2.0 | 213.00 | ERROR | |||
r-oldrel-windows-x86_64 | 0.2.0 | 13.00 | 249.00 | 262.00 | OK |
Version: 0.2.0
Check: examples
Result: ERROR
Running examples in ‘patterncausality-Ex.R’ failed
The error most likely occurred in:
> ### Name: stateSpace
> ### Title: State Space Reconstruction
> ### Aliases: stateSpace
>
> ### ** Examples
>
> ts <- c(1:100)
> result <- stateSpace(ts, E = 3, tau = 2)
> plot(result)
tcltk DLL is linked to '/opt/R/x86_64/lib/libtk8.6.dylib'
Error: .onLoad failed in loadNamespace() for 'tcltk', details:
call: fun(libname, pkgname)
error: Tcl/Tk libraries are missing: install the Tcl/Tk component from the R installer
Execution halted
Flavor: r-oldrel-macos-x86_64
These binaries (installable software) and packages are in development.
They may not be fully stable and should be used with caution. We make no claims about them.
Health stats visible at Monitor.