CRAN Package Check Results for Package parTimeROC

Last updated on 2025-02-23 15:49:52 CET.

Flavor Version Tinstall Tcheck Ttotal Status Flags
r-devel-linux-x86_64-debian-clang 0.1.0 261.08 205.77 466.85 OK
r-devel-linux-x86_64-debian-gcc 0.1.0 238.70 163.43 402.13 OK
r-devel-linux-x86_64-fedora-clang 0.1.0 721.39 OK
r-devel-linux-x86_64-fedora-gcc 0.1.0 918.09 OK
r-devel-macos-arm64 0.1.0 189.00 OK
r-devel-macos-x86_64 0.1.0 445.00 OK
r-devel-windows-x86_64 0.1.0 247.00 257.00 504.00 OK
r-patched-linux-x86_64 0.1.0 319.05 219.05 538.10 OK
r-release-linux-x86_64 0.1.0 301.35 217.85 519.20 OK
r-release-macos-arm64 0.1.0 105.00 NOTE
r-release-macos-x86_64 0.1.0 163.00 NOTE
r-release-windows-x86_64 0.1.0 254.00 253.00 507.00 OK
r-oldrel-macos-arm64 0.1.0 187.00 NOTE
r-oldrel-macos-x86_64 0.1.0 355.00 NOTE
r-oldrel-windows-x86_64 0.1.0 329.00 315.00 644.00 OK

Check Details

Version: 0.1.0
Check: installed package size
Result: NOTE installed size is 84.2Mb sub-directories of 1Mb or more: libs 83.7Mb Flavors: r-release-macos-arm64, r-release-macos-x86_64, r-oldrel-macos-arm64, r-oldrel-macos-x86_64

Version: 0.1.0
Check: for GNU extensions in Makefiles
Result: NOTE GNU make is a SystemRequirements. Flavors: r-release-macos-arm64, r-release-macos-x86_64, r-oldrel-macos-arm64, r-oldrel-macos-x86_64

These binaries (installable software) and packages are in development.
They may not be fully stable and should be used with caution. We make no claims about them.
Health stats visible at Monitor.