Last updated on 2024-05-02 11:51:30 CEST.
Flavor | Version | Tinstall | Tcheck | Ttotal | Status | Flags |
---|---|---|---|---|---|---|
r-devel-linux-x86_64-debian-clang | 0.1.2 | 10.48 | 231.97 | 242.45 | NOTE | |
r-devel-linux-x86_64-debian-gcc | 0.1.2 | 8.74 | 165.57 | 174.31 | NOTE | |
r-devel-linux-x86_64-fedora-clang | 0.1.2 | 295.19 | NOTE | |||
r-devel-linux-x86_64-fedora-gcc | 0.1.2 | 314.46 | NOTE | |||
r-devel-windows-x86_64 | 0.1.2 | 16.00 | 180.00 | 196.00 | NOTE | |
r-patched-linux-x86_64 | 0.1.2 | 9.17 | 217.56 | 226.73 | NOTE | |
r-release-linux-x86_64 | 0.1.2 | 8.12 | 220.26 | 228.38 | NOTE | |
r-release-macos-arm64 | 0.1.2 | 84.00 | NOTE | |||
r-release-windows-x86_64 | 0.1.2 | 16.00 | 182.00 | 198.00 | NOTE | |
r-oldrel-macos-arm64 | 0.1.2 | 81.00 | OK | |||
r-oldrel-macos-x86_64 | 0.1.2 | 389.00 | OK | |||
r-oldrel-windows-x86_64 | 0.1.2 | 20.00 | 228.00 | 248.00 | OK |
Version: 0.1.2
Check: Rd files
Result: NOTE
checkRd: (-1) apa_print.htest.Rd:58: Lost braces
58 | [here]{https://github.com/crsh/papaja/issues} (please include
| ^
checkRd: (-1) init_apa_results.Rd:15-16: Lost braces
15 | \item{\code{full_result}}{A (named list of) character strings comprised of \code{estimate} and \verb{statistic`` for each factor.\} \\item\{}table`}{A data frame containing all results; can, for example, be passed to \code{\link[=apa_table]{apa_table()}}.
| ^
Flavors: r-devel-linux-x86_64-debian-clang, r-devel-linux-x86_64-debian-gcc, r-devel-linux-x86_64-fedora-clang, r-devel-linux-x86_64-fedora-gcc, r-devel-windows-x86_64, r-patched-linux-x86_64, r-release-linux-x86_64, r-release-macos-arm64, r-release-windows-x86_64
Version: 0.1.2
Check: HTML version of manual
Result: NOTE
Found the following HTML validation problems:
apa_barplot.html:83:1 (apa_barplot.Rd:50): Warning: trimming empty <dt>
apa_beeplot.html:84:1 (apa_beeplot.Rd:51): Warning: trimming empty <dt>
apa_interval.html:96:1 (apa_interval.Rd:68): Warning: trimming empty <dt>
apa_lineplot.html:84:1 (apa_lineplot.Rd:51): Warning: trimming empty <dt>
apa_print.emmGrid.html:77:1 (apa_print.emmGrid.Rd:37): Warning: trimming empty <dt>
apa_print.glm.html:107:1 (apa_print.glm.Rd:62): Warning: trimming empty <dt>
apa_print.htest.html:90:1 (apa_print.htest.Rd:45): Warning: trimming empty <dt>
apa_print.papaja_wsci.html:50:1 (apa_print.papaja_wsci.Rd:15): Warning: trimming empty <dt>
revision_letter_pdf.html:43:1 (revision_letter_pdf.Rd:13): Warning: trimming empty <dt>
Flavors: r-devel-linux-x86_64-debian-clang, r-devel-linux-x86_64-debian-gcc, r-devel-linux-x86_64-fedora-clang, r-devel-linux-x86_64-fedora-gcc, r-devel-windows-x86_64, r-patched-linux-x86_64, r-release-linux-x86_64, r-release-windows-x86_64
These binaries (installable software) and packages are in development.
They may not be fully stable and should be used with caution. We make no claims about them.
Health stats visible at Monitor.