Last updated on 2025-02-08 19:49:26 CET.
Flavor | Version | Tinstall | Tcheck | Ttotal | Status | Flags |
---|---|---|---|---|---|---|
r-devel-linux-x86_64-debian-clang | 0.6.5 | 21.07 | 77.93 | 99.00 | NOTE | |
r-devel-linux-x86_64-debian-gcc | 0.6.5 | 16.55 | 53.83 | 70.38 | NOTE | |
r-devel-linux-x86_64-fedora-clang | 0.6.5 | 167.91 | NOTE | |||
r-devel-linux-x86_64-fedora-gcc | 0.6.5 | 171.69 | NOTE | |||
r-devel-windows-x86_64 | 0.6.5 | 25.00 | 126.00 | 151.00 | NOTE | |
r-patched-linux-x86_64 | 0.6.5 | 24.19 | 71.67 | 95.86 | NOTE | |
r-release-linux-x86_64 | 0.6.5 | 21.29 | 71.56 | 92.85 | NOTE | |
r-release-macos-arm64 | 0.6.5 | 61.00 | NOTE | |||
r-release-macos-x86_64 | 0.6.5 | 79.00 | NOTE | |||
r-release-windows-x86_64 | 0.6.5 | 26.00 | 123.00 | 149.00 | NOTE | |
r-oldrel-macos-arm64 | 0.6.5 | 60.00 | OK | |||
r-oldrel-macos-x86_64 | 0.6.5 | 93.00 | OK | |||
r-oldrel-windows-x86_64 | 0.6.5 | 26.00 | 149.00 | 175.00 | OK |
Version: 0.6.5
Check: Rd files
Result: NOTE
checkRd: (-1) Pandoc.convert.Rd:42: Lost braces
42 | Calling John MacFarlane's great program to convert specified file (see \code{f} parameter below) or character vector {see \code{text} paramater} to other formats like \code{HTML}, \code{pdf}, \code{docx}, \code{odt} etc.
| ^
Flavors: r-devel-linux-x86_64-debian-clang, r-devel-linux-x86_64-debian-gcc, r-devel-linux-x86_64-fedora-clang, r-devel-linux-x86_64-fedora-gcc, r-devel-windows-x86_64, r-patched-linux-x86_64, r-release-linux-x86_64, r-release-macos-arm64, r-release-macos-x86_64, r-release-windows-x86_64
These binaries (installable software) and packages are in development.
They may not be fully stable and should be used with caution. We make no claims about them.
Health stats visible at Monitor.