Last updated on 2024-05-02 13:50:07 CEST.
Flavor | Version | Tinstall | Tcheck | Ttotal | Status | Flags |
---|---|---|---|---|---|---|
r-devel-linux-x86_64-debian-clang | 3.4.5 | 25.15 | 474.65 | 499.80 | NOTE | |
r-devel-linux-x86_64-debian-gcc | 3.4.5 | 23.27 | 309.55 | 332.82 | NOTE | |
r-devel-linux-x86_64-fedora-clang | 3.4.5 | 584.32 | NOTE | |||
r-devel-linux-x86_64-fedora-gcc | 3.4.5 | 556.90 | NOTE | |||
r-devel-windows-x86_64 | 3.4.5 | 28.00 | 299.00 | 327.00 | NOTE | |
r-patched-linux-x86_64 | 3.4.5 | 36.24 | 428.92 | 465.16 | NOTE | |
r-release-linux-x86_64 | 3.4.5 | 29.99 | 434.82 | 464.81 | NOTE | |
r-release-macos-arm64 | 3.4.5 | 116.00 | NOTE | |||
r-release-windows-x86_64 | 3.4.5 | 26.00 | 297.00 | 323.00 | NOTE | |
r-oldrel-macos-arm64 | 3.4.5 | 131.00 | OK | |||
r-oldrel-macos-x86_64 | 3.4.5 | 226.00 | OK | |||
r-oldrel-windows-x86_64 | 3.4.5 | 34.00 | 393.00 | 427.00 | OK |
Version: 3.4.5
Check: Rd files
Result: NOTE
checkRd: (-1) branchClasses.Rd:15: Lost braces; missing escapes or markup?
15 | \item{whichExtant}{A logical vector with length equal to number of tips in the tree. A {TRUE} value indicates
| ^
checkRd: (-1) minCharChange.Rd:134: Lost braces; missing escapes or markup?
134 | an identical name in function \code{phyDat} in package {phangorn}.
| ^
checkRd: (-1) resolveTreeChar.Rd:98: Lost braces; missing escapes or markup?
98 | an identical name in function \code{phyDat} in package {phangorn}.
| ^
checkRd: (-1) simFossilRecord.Rd:44: Lost braces
44 | since its origination time is code{D},
| ^
Flavors: r-devel-linux-x86_64-debian-clang, r-devel-linux-x86_64-debian-gcc, r-devel-linux-x86_64-fedora-clang, r-devel-linux-x86_64-fedora-gcc, r-devel-windows-x86_64, r-patched-linux-x86_64, r-release-linux-x86_64, r-release-macos-arm64, r-release-windows-x86_64
These binaries (installable software) and packages are in development.
They may not be fully stable and should be used with caution. We make no claims about them.
Health stats visible at Monitor.