Last updated on 2025-02-23 19:51:15 CET.
Flavor | Version | Tinstall | Tcheck | Ttotal | Status | Flags |
---|---|---|---|---|---|---|
r-devel-linux-x86_64-debian-clang | 2.1.7 | 46.56 | 410.00 | 456.56 | OK | |
r-devel-linux-x86_64-debian-gcc | 2.1.7 | 32.30 | 272.04 | 304.34 | OK | |
r-devel-linux-x86_64-fedora-clang | 2.1.7 | 709.22 | OK | |||
r-devel-linux-x86_64-fedora-gcc | 2.1.7 | 2455.13 | ERROR | |||
r-devel-macos-arm64 | 2.1.7 | 183.00 | OK | |||
r-devel-macos-x86_64 | 2.1.7 | 459.00 | OK | |||
r-devel-windows-x86_64 | 2.1.7 | 40.00 | 378.00 | 418.00 | OK | |
r-patched-linux-x86_64 | 2.1.7 | 43.62 | 377.19 | 420.81 | OK | |
r-release-linux-x86_64 | 2.1.7 | 39.77 | 384.58 | 424.35 | OK | |
r-release-macos-arm64 | 2.1.7 | 182.00 | OK | |||
r-release-macos-x86_64 | 2.1.7 | 447.00 | NOTE | |||
r-release-windows-x86_64 | 2.1.7 | 40.00 | 373.00 | 413.00 | OK | |
r-oldrel-macos-arm64 | 2.1.7 | 197.00 | NOTE | |||
r-oldrel-macos-x86_64 | 2.1.7 | 417.00 | NOTE | |||
r-oldrel-windows-x86_64 | 2.1.7 | 60.00 | 492.00 | 552.00 | OK |
Version: 2.1.7
Check: re-building of vignette outputs
Result: ERROR
Error(s) in re-building vignettes:
--- re-building ‘bison_example.Rmd’ using rmarkdown
** Processing: /data/gannet/ripley/R/packages/tests-devel/paleopop.Rcheck/vign_test/paleopop/vignettes/bison_example_files/figure-html/siberia_raster-1.png
672x480 pixels, 3x8 bits/pixel, RGB
Input IDAT size = 23308 bytes
Input file size = 23410 bytes
Trying:
zc = 9 zm = 8 zs = 0 f = 0 IDAT size = 19500
zc = 9 zm = 8 zs = 1 f = 0
zc = 1 zm = 8 zs = 2 f = 0
zc = 9 zm = 8 zs = 3 f = 0
zc = 9 zm = 8 zs = 0 f = 5
zc = 9 zm = 8 zs = 1 f = 5
zc = 1 zm = 8 zs = 2 f = 5
zc = 9 zm = 8 zs = 3 f = 5
Selecting parameters:
zc = 9 zm = 8 zs = 0 f = 0 IDAT size = 19500
Output IDAT size = 19500 bytes (3808 bytes decrease)
Output file size = 19578 bytes (3832 bytes = 16.37% decrease)
** Processing: /data/gannet/ripley/R/packages/tests-devel/paleopop.Rcheck/vign_test/paleopop/vignettes/bison_example_files/figure-html/siberia_raster-2.png
672x480 pixels, 3x8 bits/pixel, RGB
Input IDAT size = 23802 bytes
Input file size = 23904 bytes
Trying:
zc = 9 zm = 8 zs = 0 f = 0 IDAT size = 19715
zc = 9 zm = 8 zs = 1 f = 0
zc = 1 zm = 8 zs = 2 f = 0
zc = 9 zm = 8 zs = 3 f = 0
zc = 9 zm = 8 zs = 0 f = 5
zc = 9 zm = 8 zs = 1 f = 5
zc = 1 zm = 8 zs = 2 f = 5
zc = 9 zm = 8 zs = 3 f = 5
Selecting parameters:
zc = 9 zm = 8 zs = 0 f = 0 IDAT size = 19715
Output IDAT size = 19715 bytes (4087 bytes decrease)
Output file size = 19793 bytes (4111 bytes = 17.20% decrease)
** Processing: /data/gannet/ripley/R/packages/tests-devel/paleopop.Rcheck/vign_test/paleopop/vignettes/bison_example_files/figure-html/paleoregion-1.png
672x480 pixels, 3x8 bits/pixel, RGB
Input IDAT size = 22113 bytes
Input file size = 22215 bytes
Trying:
zc = 9 zm = 8 zs = 0 f = 0 IDAT size = 18967
zc = 9 zm = 8 zs = 1 f = 0
zc = 1 zm = 8 zs = 2 f = 0
zc = 9 zm = 8 zs = 3 f = 0
zc = 9 zm = 8 zs = 0 f = 5
zc = 9 zm = 8 zs = 1 f = 5
zc = 1 zm = 8 zs = 2 f = 5
zc = 9 zm = 8 zs = 3 f = 5
Selecting parameters:
zc = 9 zm = 8 zs = 0 f = 0 IDAT size = 18967
Output IDAT size = 18967 bytes (3146 bytes decrease)
Output file size = 19045 bytes (3170 bytes = 14.27% decrease)
** Processing: /data/gannet/ripley/R/packages/tests-devel/paleopop.Rcheck/vign_test/paleopop/vignettes/bison_example_files/figure-html/hs_raster-1.png
672x480 pixels, 3x8 bits/pixel, RGB
Input IDAT size = 24616 bytes
Input file size = 24730 bytes
Trying:
zc = 9 zm = 8 zs = 0 f = 0 IDAT size = 20200
zc = 9 zm = 8 zs = 1 f = 0
zc = 1 zm = 8 zs = 2 f = 0
zc = 9 zm = 8 zs = 3 f = 0
zc = 9 zm = 8 zs = 0 f = 5
zc = 9 zm = 8 zs = 1 f = 5
zc = 1 zm = 8 zs = 2 f = 5
zc = 9 zm = 8 zs = 3 f = 5
Selecting parameters:
zc = 9 zm = 8 zs = 0 f = 0 IDAT size = 20200
Output IDAT size = 20200 bytes (4416 bytes decrease)
Output file size = 20278 bytes (4452 bytes = 18.00% decrease)
** Processing: /data/gannet/ripley/R/packages/tests-devel/paleopop.Rcheck/vign_test/paleopop/vignettes/bison_example_files/figure-html/carrying capacity generator-1.png
672x480 pixels, 3x8 bits/pixel, RGB
Input IDAT size = 22059 bytes
Input file size = 22161 bytes
Trying:
zc = 9 zm = 8 zs = 0 f = 0 IDAT size = 18391
zc = 9 zm = 8 zs = 1 f = 0
zc = 1 zm = 8 zs = 2 f = 0
zc = 9 zm = 8 zs = 3 f = 0
zc = 9 zm = 8 zs = 0 f = 5
zc = 9 zm = 8 zs = 1 f = 5
zc = 1 zm = 8 zs = 2 f = 5
zc = 9 zm = 8 zs = 3 f = 5
Selecting parameters:
zc = 9 zm = 8 zs = 0 f = 0 IDAT size = 18391
Output IDAT size = 18391 bytes (3668 bytes decrease)
Output file size = 18469 bytes (3692 bytes = 16.66% decrease)
Flavor: r-devel-linux-x86_64-fedora-gcc
Version: 2.1.7
Check: installed package size
Result: NOTE
installed size is 5.2Mb
sub-directories of 1Mb or more:
data 4.5Mb
Flavors: r-release-macos-x86_64, r-oldrel-macos-arm64, r-oldrel-macos-x86_64
These binaries (installable software) and packages are in development.
They may not be fully stable and should be used with caution. We make no claims about them.
Health stats visible at Monitor.