Last updated on 2025-02-02 05:48:31 CET.
Flavor | Version | Tinstall | Tcheck | Ttotal | Status | Flags |
---|---|---|---|---|---|---|
r-devel-linux-x86_64-debian-clang | 0.8.0.1 | 153.57 | 54.03 | 207.60 | OK | |
r-devel-linux-x86_64-debian-gcc | 0.8.0.1 | 118.46 | 39.32 | 157.78 | OK | |
r-devel-linux-x86_64-fedora-clang | 0.8.0.1 | 344.25 | OK | |||
r-devel-linux-x86_64-fedora-gcc | 0.8.0.1 | 368.85 | OK | |||
r-devel-windows-x86_64 | 0.8.0.1 | 390.00 | 80.00 | 470.00 | OK | |
r-patched-linux-x86_64 | 0.8.0.1 | 161.14 | 50.83 | 211.97 | WARN | |
r-release-linux-x86_64 | 0.8.0.1 | 151.35 | 50.70 | 202.05 | OK | |
r-release-macos-arm64 | 0.8.0.1 | 114.00 | NOTE | |||
r-release-macos-x86_64 | 0.8.0.1 | 259.00 | NOTE | |||
r-release-windows-x86_64 | 0.8.0.1 | 387.00 | 78.00 | 465.00 | NOTE | |
r-oldrel-macos-arm64 | 0.8.0.1 | 115.00 | NOTE | |||
r-oldrel-macos-x86_64 | 0.8.0 | 263.00 | NOTE | |||
r-oldrel-windows-x86_64 | 0.8.0.1 | 392.00 | 88.00 | 480.00 | NOTE |
Version: 0.8.0.1
Check: whether package can be installed
Result: WARN
Found the following significant warnings:
Rd warning: pkg_deps.Rd:40: missing link ‘parse_pkg_refs’
Rd warning: pkg_download.Rd:53: missing link ‘parse_pkg_refs’
See ‘/home/hornik/tmp/R.check/r-patched-gcc/Work/PKGS/pak.Rcheck/00install.out’ for details.
* used C compiler: ‘gcc-14 (Debian 14.2.0-12) 14.2.0’
Flavor: r-patched-linux-x86_64
Version: 0.8.0.1
Check: installed package size
Result: NOTE
installed size is 9.3Mb
sub-directories of 1Mb or more:
library 8.4Mb
Flavors: r-release-macos-arm64, r-release-macos-x86_64, r-release-windows-x86_64, r-oldrel-macos-arm64, r-oldrel-windows-x86_64
Version: 0.8.0
Check: installed package size
Result: NOTE
installed size is 9.6Mb
sub-directories of 1Mb or more:
library 8.8Mb
Flavor: r-oldrel-macos-x86_64
These binaries (installable software) and packages are in development.
They may not be fully stable and should be used with caution. We make no claims about them.
Health stats visible at Monitor.