Last updated on 2024-05-02 08:01:50 CEST.
Flavor | Version | Tinstall | Tcheck | Ttotal | Status | Flags |
---|---|---|---|---|---|---|
r-devel-linux-x86_64-debian-clang | 1.15.2 | 5.82 | 243.49 | 249.31 | NOTE | |
r-devel-linux-x86_64-debian-gcc | 1.15.2 | 4.82 | 184.97 | 189.79 | NOTE | |
r-devel-linux-x86_64-fedora-clang | 1.15.2 | 309.02 | NOTE | |||
r-devel-linux-x86_64-fedora-gcc | 1.15.2 | 310.69 | NOTE | |||
r-devel-windows-x86_64 | 1.15.2 | 8.00 | 341.00 | 349.00 | NOTE | |
r-patched-linux-x86_64 | 1.15.2 | 6.52 | 231.68 | 238.20 | NOTE | |
r-release-linux-x86_64 | 1.15.2 | 6.09 | 230.11 | 236.20 | NOTE | |
r-release-macos-arm64 | 1.15.2 | 170.00 | NOTE | |||
r-release-windows-x86_64 | 1.15.2 | 9.00 | 343.00 | 352.00 | NOTE | |
r-oldrel-macos-arm64 | 1.15.2 | 182.00 | OK | |||
r-oldrel-macos-x86_64 | 1.15.2 | 266.00 | OK | |||
r-oldrel-windows-x86_64 | 1.15.2 | 10.00 | 357.00 | 367.00 | OK |
Version: 1.15.2
Check: Rd files
Result: NOTE
checkRd: (-1) lint_package.Rd:20: Lost braces
20 | code{\link[lintr:lint_package]{lintr::lint_package}} where we hardcode the
| ^
checkRd: (-1) provide_news_rd.Rd:22: Lost braces
22 | Christian Vonderach uses the index thus wants file{inst/NEWS.rd} to
| ^
checkRd: (-1) provide_news_rd.Rd:23: Lost braces
23 | automatically be in sync with file{./NEWS.md}.
| ^
Flavors: r-devel-linux-x86_64-debian-clang, r-devel-linux-x86_64-debian-gcc, r-devel-linux-x86_64-fedora-clang, r-devel-linux-x86_64-fedora-gcc, r-devel-windows-x86_64, r-patched-linux-x86_64, r-release-linux-x86_64, r-release-macos-arm64, r-release-windows-x86_64
These binaries (installable software) and packages are in development.
They may not be fully stable and should be used with caution. We make no claims about them.
Health stats visible at Monitor.