CRAN Package Check Results for Package pack

Last updated on 2025-05-03 22:50:02 CEST.

Flavor Version Tinstall Tcheck Ttotal Status Flags
r-devel-linux-x86_64-debian-clang 0.1-1 1.78 16.65 18.43 NOTE
r-devel-linux-x86_64-debian-gcc 0.1-1 1.33 14.07 15.40 NOTE
r-devel-linux-x86_64-fedora-clang 0.1-1 29.25 OK
r-devel-linux-x86_64-fedora-gcc 0.1-1 27.68 OK
r-devel-windows-x86_64 0.1-1 3.00 35.00 38.00 OK
r-patched-linux-x86_64 0.1-1 1.91 16.28 18.19 OK
r-release-linux-x86_64 OK
r-release-macos-arm64 0.1-1 14.00 OK
r-release-macos-x86_64 0.1-1 22.00 OK
r-release-windows-x86_64 0.1-1 2.00 38.00 40.00 OK
r-oldrel-macos-arm64 0.1-1 14.00 OK
r-oldrel-macos-x86_64 0.1-1 18.00 OK
r-oldrel-windows-x86_64 0.1-1 2.00 35.00 37.00 OK

Check Details

Version: 0.1-1
Check: CRAN incoming feasibility
Result: NOTE Maintainer: ‘Josh Ulrich <josh.m.ulrich@gmail.com>’ No Authors@R field in DESCRIPTION. Please add one, modifying Authors@R: person(given = "Josh", family = "Ulrich", role = c("aut", "cre"), email = "josh.m.ulrich@gmail.com") as necessary. The build time stamp has invalid/outdated format. Flavors: r-devel-linux-x86_64-debian-clang, r-devel-linux-x86_64-debian-gcc

These binaries (installable software) and packages are in development.
They may not be fully stable and should be used with caution. We make no claims about them.
Health stats visible at Monitor.