Last updated on 2025-02-08 19:49:26 CET.
Flavor | Version | Tinstall | Tcheck | Ttotal | Status | Flags |
---|---|---|---|---|---|---|
r-devel-linux-x86_64-debian-clang | 1.0.1 | 1.97 | 30.46 | 32.43 | NOTE | |
r-devel-linux-x86_64-debian-gcc | 1.0.1 | 1.47 | 24.43 | 25.90 | NOTE | |
r-devel-linux-x86_64-fedora-clang | 1.0.1 | 51.99 | NOTE | |||
r-devel-linux-x86_64-fedora-gcc | 1.0.1 | 62.48 | NOTE | |||
r-devel-windows-x86_64 | 1.0.1 | 3.00 | 51.00 | 54.00 | NOTE | |
r-patched-linux-x86_64 | 1.0.1 | 1.99 | 28.50 | 30.49 | NOTE | |
r-release-linux-x86_64 | 1.0.1 | 1.70 | 29.06 | 30.76 | NOTE | |
r-release-macos-arm64 | 1.0.1 | 27.00 | NOTE | |||
r-release-macos-x86_64 | 1.0.1 | 38.00 | NOTE | |||
r-release-windows-x86_64 | 1.0.1 | 3.00 | 51.00 | 54.00 | NOTE | |
r-oldrel-macos-arm64 | 1.0.1 | 27.00 | OK | |||
r-oldrel-macos-x86_64 | 1.0.1 | 37.00 | OK | |||
r-oldrel-windows-x86_64 | 1.0.1 | 4.00 | 55.00 | 59.00 | OK |
Version: 1.0.1
Check: Rd files
Result: NOTE
checkRd: (-1) fmat.Rd:15: Lost braces; missing escapes or markup?
15 | \item outcome: codes {I, P, R, NC, O, UH, UO, eUH, eUO, NE}
| ^
checkRd: (-1) fmat.Rd:24: Lost braces; missing escapes or markup?
24 | The input parameters given by the user are {I, P, R, NC, O, UH, UO} and
| ^
checkRd: (-1) fmat.Rd:25: Lost braces; missing escapes or markup?
25 | the parameter 'e'. The parameter e is multiplied by {UH, UO} internally so as to
| ^
checkRd: (-1) fmat.Rd:26: Lost braces; missing escapes or markup?
26 | produce {eUH, eUO}.
| ^
checkRd: (-1) middleearth.Rd:14: Lost braces; missing escapes or markup?
14 | \item \strong{code:} one of the outcome codes {I, P, R, NC, O, UH, UO, UH, UO, NE}
| ^
Flavors: r-devel-linux-x86_64-debian-clang, r-devel-linux-x86_64-debian-gcc, r-devel-linux-x86_64-fedora-clang, r-devel-linux-x86_64-fedora-gcc, r-devel-windows-x86_64, r-patched-linux-x86_64, r-release-linux-x86_64, r-release-macos-arm64, r-release-macos-x86_64, r-release-windows-x86_64
These binaries (installable software) and packages are in development.
They may not be fully stable and should be used with caution. We make no claims about them.
Health stats visible at Monitor.