Last updated on 2025-05-03 22:50:02 CEST.
Flavor | Version | Tinstall | Tcheck | Ttotal | Status | Flags |
---|---|---|---|---|---|---|
r-devel-linux-x86_64-debian-clang | 1.9.0 | 4.12 | 26.58 | 30.70 | NOTE | |
r-devel-linux-x86_64-debian-gcc | 1.9.0 | 3.07 | 20.69 | 23.76 | NOTE | |
r-devel-linux-x86_64-fedora-clang | 1.9.0 | 45.46 | OK | |||
r-devel-linux-x86_64-fedora-gcc | 1.9.0 | 44.28 | OK | |||
r-devel-windows-x86_64 | 1.9.0 | 6.00 | 50.00 | 56.00 | OK | |
r-patched-linux-x86_64 | 1.9.0 | 4.39 | 24.68 | 29.07 | OK | |
r-release-linux-x86_64 | OK | |||||
r-release-macos-arm64 | 1.9.0 | 19.00 | OK | |||
r-release-macos-x86_64 | 1.9.0 | 31.00 | OK | |||
r-release-windows-x86_64 | 1.9.0 | 6.00 | 50.00 | 56.00 | OK | |
r-oldrel-macos-arm64 | 1.9.0 | 19.00 | OK | |||
r-oldrel-macos-x86_64 | 1.9.0 | 24.00 | OK | |||
r-oldrel-windows-x86_64 | 1.9.0 | 5.00 | 58.00 | 63.00 | OK |
Version: 1.9.0
Check: CRAN incoming feasibility
Result: NOTE
Maintainer: ‘Finlay Campbell <finlaycampbell93@gmail.com>’
Found the following URLs which should use \doi (with the DOI name only):
File ‘zika_girardot_2015.Rd’:
https://doi.org/10.2807/1560-7917.ES.2016.21.28.30283
Flavors: r-devel-linux-x86_64-debian-clang, r-devel-linux-x86_64-debian-gcc
These binaries (installable software) and packages are in development.
They may not be fully stable and should be used with caution. We make no claims about them.
Health stats visible at Monitor.