CRAN Package Check Results for Package otpr

Last updated on 2025-05-15 09:52:36 CEST.

Flavor Version Tinstall Tcheck Ttotal Status Flags
r-devel-linux-x86_64-debian-clang 0.5.1 4.85 40.41 45.26 NOTE
r-devel-linux-x86_64-debian-gcc 0.5.1 2.79 30.51 33.30 NOTE
r-devel-linux-x86_64-fedora-clang 0.5.1 68.76 NOTE
r-devel-linux-x86_64-fedora-gcc 0.5.1 65.34 NOTE
r-devel-windows-x86_64 0.5.1 6.00 58.00 64.00 NOTE
r-patched-linux-x86_64 0.5.1 4.64 36.73 41.37 NOTE
r-release-linux-x86_64 0.5.1 4.23 37.12 41.35 NOTE
r-release-macos-arm64 0.5.1 26.00 NOTE
r-release-macos-x86_64 0.5.1 42.00 NOTE
r-release-windows-x86_64 0.5.1 7.00 57.00 64.00 NOTE
r-oldrel-macos-arm64 0.5.1 23.00 NOTE
r-oldrel-macos-x86_64 0.5.1 32.00 NOTE
r-oldrel-windows-x86_64 0.5.1 8.00 65.00 73.00 NOTE

Check Details

Version: 0.5.1
Check: CRAN incoming feasibility
Result: NOTE Maintainer: ‘Marcus Young <M.A.Young@soton.ac.uk>’ Package CITATION file contains call(s) to old-style citEntry(). Please use bibentry() instead. Flavors: r-devel-linux-x86_64-debian-clang, r-devel-linux-x86_64-debian-gcc

Version: 0.5.1
Check: Rd files
Result: NOTE checkRd: (-1) otp_create_surface.Rd:33: Lost braces; missing escapes or markup? 33 | The file will be named surface_{id}.tiff, with {id} replaced by the OTP id assigned | ^ checkRd: (-1) otp_create_surface.Rd:33: Lost braces; missing escapes or markup? 33 | The file will be named surface_{id}.tiff, with {id} replaced by the OTP id assigned | ^ Flavors: r-devel-linux-x86_64-debian-clang, r-devel-linux-x86_64-debian-gcc, r-devel-linux-x86_64-fedora-clang, r-devel-linux-x86_64-fedora-gcc, r-devel-windows-x86_64, r-patched-linux-x86_64, r-release-linux-x86_64, r-release-macos-arm64, r-release-macos-x86_64, r-release-windows-x86_64, r-oldrel-macos-arm64, r-oldrel-macos-x86_64, r-oldrel-windows-x86_64

These binaries (installable software) and packages are in development.
They may not be fully stable and should be used with caution. We make no claims about them.
Health stats visible at Monitor.