Last updated on 2024-05-02 04:00:28 CEST.
Flavor | Version | Tinstall | Tcheck | Ttotal | Status | Flags |
---|---|---|---|---|---|---|
r-devel-linux-x86_64-debian-clang | 1.2.1 | 65.04 | 89.24 | 154.28 | NOTE | |
r-devel-linux-x86_64-debian-gcc | 1.2.1 | 50.41 | 66.15 | 116.56 | NOTE | |
r-devel-linux-x86_64-fedora-clang | 1.2.1 | 191.65 | NOTE | |||
r-devel-linux-x86_64-fedora-gcc | 1.2.1 | 211.92 | NOTE | |||
r-devel-windows-x86_64 | 1.2.1 | 46.00 | 92.00 | 138.00 | NOTE | |
r-patched-linux-x86_64 | 1.2.1 | 57.18 | 84.87 | 142.05 | NOTE | |
r-release-linux-x86_64 | 1.2.1 | 59.52 | 85.38 | 144.90 | NOTE | |
r-release-macos-arm64 | 1.2.1 | 69.00 | NOTE | |||
r-release-windows-x86_64 | 1.2.1 | 46.00 | 91.00 | 137.00 | NOTE | |
r-oldrel-macos-arm64 | 1.2.1 | 69.00 | OK | |||
r-oldrel-macos-x86_64 | 1.2.1 | 217.00 | OK | |||
r-oldrel-windows-x86_64 | 1.2.1 | 56.00 | 105.00 | 161.00 | OK |
Version: 1.2.1
Check: Rd files
Result: NOTE
checkRd: (-1) oscar.Rd:44: Lost braces; missing escapes or markup?
44 | \item{print}{Level of verbosity in Fortran (may not be visible on all terminals); should be an integer between {range, range}, Default: 3}
| ^
checkRd: (-1) oscar.control.Rd:41: Lost braces; missing escapes or markup?
41 | \item{start}{Starting point generation method, see vignettes for details; should be an integer between {range,range}, Default: 2}
| ^
Flavors: r-devel-linux-x86_64-debian-clang, r-devel-linux-x86_64-debian-gcc, r-devel-linux-x86_64-fedora-clang, r-devel-linux-x86_64-fedora-gcc, r-devel-windows-x86_64, r-patched-linux-x86_64, r-release-linux-x86_64, r-release-macos-arm64, r-release-windows-x86_64
These binaries (installable software) and packages are in development.
They may not be fully stable and should be used with caution. We make no claims about them.
Health stats visible at Monitor.