Last updated on 2025-02-23 15:49:52 CET.
Flavor | Version | Tinstall | Tcheck | Ttotal | Status | Flags |
---|---|---|---|---|---|---|
r-devel-linux-x86_64-debian-clang | 1.2.1 | 51.43 | 70.29 | 121.72 | NOTE | |
r-devel-linux-x86_64-debian-gcc | 1.2.1 | 33.45 | 51.65 | 85.10 | NOTE | |
r-devel-linux-x86_64-fedora-clang | 1.2.1 | 192.12 | NOTE | |||
r-devel-linux-x86_64-fedora-gcc | 1.2.1 | 214.33 | NOTE | |||
r-devel-macos-arm64 | 1.2.1 | 72.00 | NOTE | |||
r-devel-macos-x86_64 | 1.2.1 | 163.00 | NOTE | |||
r-devel-windows-x86_64 | 1.2.1 | 47.00 | 98.00 | 145.00 | NOTE | |
r-patched-linux-x86_64 | 1.2.1 | 47.50 | 65.55 | 113.05 | NOTE | |
r-release-linux-x86_64 | 1.2.1 | 49.55 | 66.14 | 115.69 | NOTE | |
r-release-macos-arm64 | 1.2.1 | 69.00 | NOTE | |||
r-release-macos-x86_64 | 1.2.1 | 102.00 | NOTE | |||
r-release-windows-x86_64 | 1.2.1 | 47.00 | 91.00 | 138.00 | NOTE | |
r-oldrel-macos-arm64 | 1.2.1 | 69.00 | OK | |||
r-oldrel-macos-x86_64 | 1.2.1 | 217.00 | OK | |||
r-oldrel-windows-x86_64 | 1.2.1 | 57.00 | 109.00 | 166.00 | OK |
Version: 1.2.1
Check: DESCRIPTION meta-information
Result: NOTE
Missing dependency on R >= 4.1.0 because package code uses the pipe
|> or function shorthand \(...) syntax added in R 4.1.0.
File(s) using such syntax:
‘fitS4.R’ ‘helpers.R’
Flavors: r-devel-linux-x86_64-debian-clang, r-devel-linux-x86_64-debian-gcc, r-devel-linux-x86_64-fedora-clang, r-devel-linux-x86_64-fedora-gcc, r-devel-macos-x86_64, r-devel-windows-x86_64
Version: 1.2.1
Check: Rd files
Result: NOTE
checkRd: (-1) oscar.Rd:44: Lost braces; missing escapes or markup?
44 | \item{print}{Level of verbosity in Fortran (may not be visible on all terminals); should be an integer between {range, range}, Default: 3}
| ^
checkRd: (-1) oscar.control.Rd:41: Lost braces; missing escapes or markup?
41 | \item{start}{Starting point generation method, see vignettes for details; should be an integer between {range,range}, Default: 2}
| ^
Flavors: r-devel-linux-x86_64-debian-clang, r-devel-linux-x86_64-debian-gcc, r-devel-linux-x86_64-fedora-clang, r-devel-linux-x86_64-fedora-gcc, r-devel-macos-arm64, r-devel-macos-x86_64, r-devel-windows-x86_64, r-patched-linux-x86_64, r-release-linux-x86_64, r-release-macos-arm64, r-release-macos-x86_64, r-release-windows-x86_64
These binaries (installable software) and packages are in development.
They may not be fully stable and should be used with caution. We make no claims about them.
Health stats visible at Monitor.