Last updated on 2025-05-15 09:52:36 CEST.
Flavor | Version | Tinstall | Tcheck | Ttotal | Status | Flags |
---|---|---|---|---|---|---|
r-devel-linux-x86_64-debian-clang | 0.1.4 | 32.23 | 287.52 | 319.75 | NOTE | |
r-devel-linux-x86_64-debian-gcc | 0.1.4 | 24.06 | 176.59 | 200.65 | NOTE | |
r-devel-linux-x86_64-fedora-clang | 0.1.4 | 544.65 | NOTE | |||
r-devel-linux-x86_64-fedora-gcc | 0.1.4 | 536.19 | NOTE | |||
r-devel-windows-x86_64 | 0.1.4 | 40.00 | 258.00 | 298.00 | NOTE | |
r-patched-linux-x86_64 | 0.1.4 | 29.97 | 265.54 | 295.51 | NOTE | |
r-release-linux-x86_64 | 0.1.4 | 31.60 | 264.40 | 296.00 | NOTE | |
r-release-macos-arm64 | 0.1.4 | 144.00 | NOTE | |||
r-release-macos-x86_64 | 0.1.4 | 381.00 | NOTE | |||
r-release-windows-x86_64 | 0.1.4 | 36.00 | 255.00 | 291.00 | NOTE | |
r-oldrel-macos-arm64 | 0.1.4 | 96.00 | NOTE | |||
r-oldrel-macos-x86_64 | 0.1.4 | 148.00 | NOTE | |||
r-oldrel-windows-x86_64 | 0.1.4 | 45.00 | 338.00 | 383.00 | NOTE |
Version: 0.1.4
Check: CRAN incoming feasibility
Result: NOTE
Maintainer: ‘Gabriel Okasa <okasa.gabriel@gmail.com>’
No Authors@R field in DESCRIPTION.
Please add one, modifying
Authors@R: c(person(given = "Gabriel",
family = "Okasa",
role = c("aut", "cre"),
email = "okasa.gabriel@gmail.com"),
person(given = "Michael",
family = "Lechner",
role = "ctb"))
as necessary.
Package CITATION file contains call(s) to old-style personList() or
as.personList(). Please use c() on person objects instead.
Package CITATION file contains call(s) to old-style citEntry(). Please
use bibentry() instead.
The Description field contains
Lechner & Okasa (2019) <arXiv:1907.02436>. The Ordered Forest flexibly
2017) <arXiv:1508.04409>.
Please refer to arXiv e-prints via their arXiv DOI <doi:10.48550/arXiv.YYMM.NNNNN>.
Flavors: r-devel-linux-x86_64-debian-clang, r-devel-linux-x86_64-debian-gcc
Version: 0.1.4
Check: Rd files
Result: NOTE
checkRd: (-1) orf.Rd:74: Lost braces
74 | matrix of covariates \code{X} and a vector of outcomes 'code{Y} to the \code{orf}
| ^
Flavors: r-devel-linux-x86_64-debian-clang, r-devel-linux-x86_64-debian-gcc, r-devel-linux-x86_64-fedora-clang, r-devel-linux-x86_64-fedora-gcc, r-devel-windows-x86_64, r-patched-linux-x86_64, r-release-linux-x86_64, r-release-macos-arm64, r-release-macos-x86_64, r-release-windows-x86_64, r-oldrel-macos-arm64, r-oldrel-macos-x86_64, r-oldrel-windows-x86_64
These binaries (installable software) and packages are in development.
They may not be fully stable and should be used with caution. We make no claims about them.
Health stats visible at Monitor.