Last updated on 2025-02-02 07:50:20 CET.
Flavor | Version | Tinstall | Tcheck | Ttotal | Status | Flags |
---|---|---|---|---|---|---|
r-devel-linux-x86_64-debian-clang | 0.1.4 | 31.99 | 279.31 | 311.30 | NOTE | |
r-devel-linux-x86_64-debian-gcc | 0.1.4 | 21.81 | 165.04 | 186.85 | NOTE | |
r-devel-linux-x86_64-fedora-clang | 0.1.4 | 531.68 | NOTE | |||
r-devel-linux-x86_64-fedora-gcc | 0.1.4 | 524.61 | NOTE | |||
r-devel-windows-x86_64 | 0.1.4 | 36.00 | 240.00 | 276.00 | NOTE | |
r-patched-linux-x86_64 | 0.1.4 | 29.63 | 249.21 | 278.84 | NOTE | |
r-release-linux-x86_64 | 0.1.4 | 31.61 | 243.49 | 275.10 | NOTE | |
r-release-macos-arm64 | 0.1.4 | 96.00 | NOTE | |||
r-release-macos-x86_64 | 0.1.4 | 148.00 | NOTE | |||
r-release-windows-x86_64 | 0.1.4 | 35.00 | 240.00 | 275.00 | NOTE | |
r-oldrel-macos-arm64 | 0.1.4 | 113.00 | OK | |||
r-oldrel-macos-x86_64 | 0.1.4 | 189.00 | OK | |||
r-oldrel-windows-x86_64 | 0.1.4 | 41.00 | 309.00 | 350.00 | OK |
Version: 0.1.4
Check: Rd files
Result: NOTE
checkRd: (-1) orf.Rd:74: Lost braces
74 | matrix of covariates \code{X} and a vector of outcomes 'code{Y} to the \code{orf}
| ^
Flavors: r-devel-linux-x86_64-debian-clang, r-devel-linux-x86_64-debian-gcc, r-devel-linux-x86_64-fedora-clang, r-devel-linux-x86_64-fedora-gcc, r-devel-windows-x86_64, r-patched-linux-x86_64, r-release-linux-x86_64, r-release-macos-arm64, r-release-macos-x86_64, r-release-windows-x86_64
These binaries (installable software) and packages are in development.
They may not be fully stable and should be used with caution. We make no claims about them.
Health stats visible at Monitor.