Last updated on 2024-05-02 06:11:57 CEST.
Flavor | Version | Tinstall | Tcheck | Ttotal | Status | Flags |
---|---|---|---|---|---|---|
r-devel-linux-x86_64-debian-clang | 0.1.1 | 14.31 | 143.16 | 157.47 | NOTE | |
r-devel-linux-x86_64-debian-gcc | 0.1.1 | 9.32 | 102.52 | 111.84 | NOTE | |
r-devel-linux-x86_64-fedora-clang | 0.1.1 | 191.46 | NOTE | |||
r-devel-linux-x86_64-fedora-gcc | 0.1.1 | 197.62 | NOTE | |||
r-devel-windows-x86_64 | 0.1.1 | 13.00 | 131.00 | 144.00 | NOTE | |
r-patched-linux-x86_64 | 0.1.1 | 18.69 | 134.68 | 153.37 | NOTE | |
r-release-linux-x86_64 | 0.1.1 | 8.27 | 134.13 | 142.40 | NOTE | |
r-release-macos-arm64 | 0.1.1 | 59.00 | NOTE | |||
r-release-windows-x86_64 | 0.1.1 | 14.00 | 144.00 | 158.00 | NOTE | |
r-oldrel-macos-arm64 | 0.1.1 | 58.00 | OK | |||
r-oldrel-macos-x86_64 | 0.1.1 | 84.00 | OK | |||
r-oldrel-windows-x86_64 | 0.1.1 | 16.00 | 150.00 | 166.00 | OK |
Version: 0.1.1
Check: Rd files
Result: NOTE
checkRd: (-1) lra-ord.Rd:54: Lost braces in \itemize; \value handles \item{}{} directly
checkRd: (-1) lra-ord.Rd:55-56: Lost braces in \itemize; \value handles \item{}{} directly
checkRd: (-1) lra-ord.Rd:57-58: Lost braces in \itemize; \value handles \item{}{} directly
checkRd: (-1) lra-ord.Rd:59: Lost braces in \itemize; \value handles \item{}{} directly
checkRd: (-1) lra-ord.Rd:60: Lost braces in \itemize; \value handles \item{}{} directly
Flavors: r-devel-linux-x86_64-debian-clang, r-devel-linux-x86_64-debian-gcc, r-devel-linux-x86_64-fedora-clang, r-devel-linux-x86_64-fedora-gcc, r-devel-windows-x86_64, r-patched-linux-x86_64, r-release-linux-x86_64, r-release-macos-arm64, r-release-windows-x86_64
Version: 0.1.1
Check: Rd cross-references
Result: NOTE
Undeclared package ‘pillar’ in Rd xrefs
Flavor: r-devel-linux-x86_64-fedora-clang
Version: 0.1.1
Check: data for non-ASCII characters
Result: NOTE
Note: found 4 marked UTF-8 strings
Flavors: r-devel-linux-x86_64-fedora-clang, r-devel-linux-x86_64-fedora-gcc
These binaries (installable software) and packages are in development.
They may not be fully stable and should be used with caution. We make no claims about them.
Health stats visible at Monitor.