Last updated on 2025-11-14 03:50:02 CET.
| Flavor | Version | Tinstall | Tcheck | Ttotal | Status | Flags |
|---|---|---|---|---|---|---|
| r-devel-linux-x86_64-debian-clang | 1.0.5 | 1.98 | 20.15 | 22.13 | NOTE | |
| r-devel-linux-x86_64-debian-gcc | 1.0.5 | 1.57 | 16.72 | 18.29 | NOTE | |
| r-devel-linux-x86_64-fedora-clang | 1.0.5 | 34.95 | OK | |||
| r-devel-linux-x86_64-fedora-gcc | 1.0.5 | 32.66 | OK | |||
| r-devel-windows-x86_64 | 1.0.5 | 4.00 | 38.00 | 42.00 | NOTE | |
| r-patched-linux-x86_64 | 1.0.5 | 1.89 | 19.16 | 21.05 | OK | |
| r-release-linux-x86_64 | 1.0.5 | 2.01 | 18.94 | 20.95 | OK | |
| r-release-macos-arm64 | 1.0.5 | 1.00 | 14.00 | 15.00 | OK | |
| r-release-macos-x86_64 | 1.0.5 | 2.00 | 20.00 | 22.00 | OK | |
| r-release-windows-x86_64 | 1.0.5 | 3.00 | 38.00 | 41.00 | OK | |
| r-oldrel-macos-arm64 | 1.0.5 | 1.00 | 19.00 | 20.00 | OK | |
| r-oldrel-macos-x86_64 | 1.0.5 | 2.00 | 26.00 | 28.00 | OK | |
| r-oldrel-windows-x86_64 | 1.0.5 | 4.00 | 44.00 | 48.00 | OK |
Version: 1.0.5
Check: Rd files
Result: NOTE
checkRd: (-1) dimensoes.Rd:10-37: Only 3 columns allowed in this table (row 3 has 1)
checkRd: (-1) dimensoes.Rd:10-37: Only 3 columns allowed in this table (row 7 has 1)
checkRd: (-1) dimensoes.Rd:10-37: Only 3 columns allowed in this table (row 11 has 1)
checkRd: (-1) dimensoes.Rd:10-37: Only 3 columns allowed in this table (row 17 has 1)
checkRd: (-1) dimensoes.Rd:10-37: Only 3 columns allowed in this table (row 23 has 1)
Flavors: r-devel-linux-x86_64-debian-clang, r-devel-linux-x86_64-debian-gcc, r-devel-windows-x86_64
These binaries (installable software) and packages are in development.
They may not be fully stable and should be used with caution. We make no claims about them.
Health stats visible at Monitor.