CRAN Package Check Results for Package optimg

Last updated on 2025-05-15 13:51:08 CEST.

Flavor Version Tinstall Tcheck Ttotal Status Flags
r-devel-linux-x86_64-debian-clang 0.1.2 2.01 17.83 19.84 NOTE
r-devel-linux-x86_64-debian-gcc 0.1.2 1.35 14.25 15.60 NOTE
r-devel-linux-x86_64-fedora-clang 0.1.2 31.02 OK
r-devel-linux-x86_64-fedora-gcc 0.1.2 29.35 OK
r-devel-windows-x86_64 0.1.2 3.00 38.00 41.00 OK
r-patched-linux-x86_64 0.1.2 1.96 17.17 19.13 OK
r-release-linux-x86_64 0.1.2 1.62 17.05 18.67 OK
r-release-macos-arm64 0.1.2 14.00 OK
r-release-macos-x86_64 0.1.2 23.00 OK
r-release-windows-x86_64 0.1.2 4.00 43.00 47.00 OK
r-oldrel-macos-arm64 0.1.2 15.00 OK
r-oldrel-macos-x86_64 0.1.2 18.00 OK
r-oldrel-windows-x86_64 0.1.2 3.00 38.00 41.00 OK

Check Details

Version: 0.1.2
Check: CRAN incoming feasibility
Result: NOTE Maintainer: ‘Vithor Rosa Franco <vithorfranco@gmail.com>’ No Authors@R field in DESCRIPTION. Please add one, modifying Authors@R: person(given = c("Vithor", "Rosa"), family = "Franco", role = c("aut", "cre"), email = "vithorfranco@gmail.com") as necessary. The Description field contains Ruder (2016) <arXiv:1609.04747v2>. Currently, the Steepest 2-Groups Please refer to arXiv e-prints via their arXiv DOI <doi:10.48550/arXiv.YYMM.NNNNN>. Flavors: r-devel-linux-x86_64-debian-clang, r-devel-linux-x86_64-debian-gcc

These binaries (installable software) and packages are in development.
They may not be fully stable and should be used with caution. We make no claims about them.
Health stats visible at Monitor.