Last updated on 2025-11-21 07:49:42 CET.
| Flavor | Version | Tinstall | Tcheck | Ttotal | Status | Flags |
|---|---|---|---|---|---|---|
| r-devel-linux-x86_64-debian-clang | 1.6.3 | 1.94 | 25.22 | 27.16 | ERROR | |
| r-devel-linux-x86_64-debian-gcc | 1.6.3 | 1.29 | 20.96 | 22.25 | ERROR | |
| r-devel-linux-x86_64-fedora-clang | 1.6.3 | 38.79 | ERROR | |||
| r-devel-linux-x86_64-fedora-gcc | 1.6.3 | 39.22 | ERROR | |||
| r-devel-windows-x86_64 | 1.6.3 | 7.00 | 50.00 | 57.00 | OK | |
| r-patched-linux-x86_64 | 1.6.3 | 1.71 | 23.43 | 25.14 | ERROR | |
| r-release-linux-x86_64 | 1.6.3 | 1.49 | 23.55 | 25.04 | ERROR | |
| r-release-macos-arm64 | 1.6.3 | OK | ||||
| r-release-macos-x86_64 | 1.6.3 | 2.00 | 29.00 | 31.00 | OK | |
| r-release-windows-x86_64 | 1.6.3 | 2.00 | 49.00 | 51.00 | OK | |
| r-oldrel-macos-arm64 | 1.6.3 | OK | ||||
| r-oldrel-macos-x86_64 | 1.6.3 | 2.00 | 21.00 | 23.00 | OK | |
| r-oldrel-windows-x86_64 | 1.6.3 | 3.00 | 57.00 | 60.00 | OK |
Version: 1.6.3
Check: tests
Result: ERROR
Running ‘testthat.R’ [2s/3s]
Running the tests in ‘tests/testthat.R’ failed.
Complete output:
> library(testthat)
> library(operator.tools)
>
> test_check("operator.tools")
Saving _problems/test-operators-11.R
[ FAIL 1 | WARN 0 | SKIP 0 | PASS 27 ]
══ Failed tests ════════════════════════════════════════════════════════════════
── Error ('test-operators.R:6:1'): opetators ───────────────────────────────────
Error in `is_true()`: could not find function "is_true"
Backtrace:
▆
1. └─testthat::expect_that(...) at test-operators.R:6:1
[ FAIL 1 | WARN 0 | SKIP 0 | PASS 27 ]
Error:
! Test failures.
Execution halted
Flavors: r-devel-linux-x86_64-debian-clang, r-release-linux-x86_64
Version: 1.6.3
Check: tests
Result: ERROR
Running ‘testthat.R’ [2s/2s]
Running the tests in ‘tests/testthat.R’ failed.
Complete output:
> library(testthat)
> library(operator.tools)
>
> test_check("operator.tools")
Saving _problems/test-operators-11.R
[ FAIL 1 | WARN 0 | SKIP 0 | PASS 27 ]
══ Failed tests ════════════════════════════════════════════════════════════════
── Error ('test-operators.R:6:1'): opetators ───────────────────────────────────
Error in `is_true()`: could not find function "is_true"
Backtrace:
▆
1. └─testthat::expect_that(...) at test-operators.R:6:1
[ FAIL 1 | WARN 0 | SKIP 0 | PASS 27 ]
Error:
! Test failures.
Execution halted
Flavors: r-devel-linux-x86_64-debian-gcc, r-patched-linux-x86_64
Version: 1.6.3
Check: tests
Result: ERROR
Running ‘testthat.R’
Running the tests in ‘tests/testthat.R’ failed.
Complete output:
> library(testthat)
> library(operator.tools)
>
> test_check("operator.tools")
Saving _problems/test-operators-11.R
[ FAIL 1 | WARN 0 | SKIP 0 | PASS 27 ]
══ Failed tests ════════════════════════════════════════════════════════════════
── Error ('test-operators.R:6:1'): opetators ───────────────────────────────────
Error in `is_true()`: could not find function "is_true"
Backtrace:
▆
1. └─testthat::expect_that(...) at test-operators.R:6:1
[ FAIL 1 | WARN 0 | SKIP 0 | PASS 27 ]
Error:
! Test failures.
Execution halted
Flavors: r-devel-linux-x86_64-fedora-clang, r-devel-linux-x86_64-fedora-gcc
These binaries (installable software) and packages are in development.
They may not be fully stable and should be used with caution. We make no claims about them.
Health stats visible at Monitor.