Last updated on 2025-02-23 15:49:52 CET.
Flavor | Version | Tinstall | Tcheck | Ttotal | Status | Flags |
---|---|---|---|---|---|---|
r-devel-linux-x86_64-debian-clang | 1.3.1 | 45.74 | 151.26 | 197.00 | NOTE | |
r-devel-linux-x86_64-debian-gcc | 1.3.1 | 26.06 | 105.09 | 131.15 | NOTE | |
r-devel-linux-x86_64-fedora-clang | 1.3.1 | 311.54 | OK | |||
r-devel-linux-x86_64-fedora-gcc | 1.3.1 | 320.03 | OK | |||
r-devel-macos-arm64 | 1.3.1 | 86.00 | OK | |||
r-devel-macos-x86_64 | 1.3.1 | 184.00 | OK | |||
r-devel-windows-x86_64 | 1.3.1 | 42.00 | 158.00 | 200.00 | NOTE | |
r-patched-linux-x86_64 | 1.3.1 | 46.98 | 137.51 | 184.49 | OK | |
r-release-linux-x86_64 | 1.3.1 | 40.04 | 137.38 | 177.42 | OK | |
r-release-macos-arm64 | 1.3.1 | 81.00 | OK | |||
r-release-macos-x86_64 | 1.3.1 | 131.00 | OK | |||
r-release-windows-x86_64 | 1.3.1 | 45.00 | 155.00 | 200.00 | OK | |
r-oldrel-macos-arm64 | 1.3.1 | 88.00 | OK | |||
r-oldrel-macos-x86_64 | 1.3.1 | 208.00 | OK | |||
r-oldrel-windows-x86_64 | 1.3.1 | 56.00 | 185.00 | 241.00 | OK |
Version: 1.3.1
Check: Rd cross-references
Result: NOTE
Found the following Rd file(s) with Rd \link{} targets missing package
anchors:
AnyOf.Rd: R6Class
Argument.Rd: R6Class
Array.Rd: R6Class
BasicAuth.Rd: R6Class
Boolean.Rd: R6Class
BoundingBox.Rd: R6Class
CollectionId.Rd: R6Class
Date.Rd: R6Class
DateTime.Rd: R6Class
EPSGCode.Rd: R6Class
GeoJson.Rd: R6Class
Graph.Rd: R6Class
Integer.Rd: R6Class
JobId.Rd: R6Class
Kernel.Rd: R6Class
MetadataFilter.Rd: R6Class
Number.Rd: R6Class
OutputFormat.Rd: R6Class
OutputFormatOptions.Rd: R6Class
Parameter.Rd: R6Class
Process.Rd: R6Class
ProcessGraphArgument.Rd: R6Class
ProcessGraphId.Rd: R6Class
ProcessGraphParameter.Rd: R6Class
ProjDefinition.Rd: R6Class
RasterCube.Rd: R6Class
String.Rd: R6Class
TemporalInterval.Rd: R6Class
TemporalIntervals.Rd: R6Class
Time.Rd: R6Class
UdfCodeArgument.Rd: R6Class
UdfRuntimeArgument.Rd: R6Class
UdfRuntimeVersionArgument.Rd: R6Class
VectorCube.Rd: R6Class
Please provide package anchors for all Rd \link{} targets not in the
package itself and the base packages.
Flavors: r-devel-linux-x86_64-debian-clang, r-devel-linux-x86_64-debian-gcc, r-devel-windows-x86_64
These binaries (installable software) and packages are in development.
They may not be fully stable and should be used with caution. We make no claims about them.
Health stats visible at Monitor.