Last updated on 2025-11-01 11:48:42 CET.
| Flavor | Version | Tinstall | Tcheck | Ttotal | Status | Flags |
|---|---|---|---|---|---|---|
| r-devel-linux-x86_64-debian-clang | 2.2.7 | 126.45 | 461.79 | 588.24 | NOTE | |
| r-devel-linux-x86_64-debian-gcc | 2.2.7 | 80.66 | 339.30 | 419.96 | NOTE | |
| r-devel-linux-x86_64-fedora-clang | 2.2.7 | 197.00 | 766.83 | 963.83 | NOTE | |
| r-devel-linux-x86_64-fedora-gcc | 2.2.7 | 573.00 | 513.77 | 1086.77 | NOTE | |
| r-devel-windows-x86_64 | 2.2.7 | 229.00 | 462.00 | 691.00 | OK | |
| r-patched-linux-x86_64 | 2.2.7 | 174.67 | 495.21 | 669.88 | OK | |
| r-release-linux-x86_64 | 2.2.7 | 171.46 | 502.15 | 673.61 | OK | |
| r-release-macos-arm64 | 2.2.7 | 48.00 | 177.00 | 225.00 | OK | |
| r-release-macos-x86_64 | 2.2.7 | 65.00 | 346.00 | 411.00 | OK | |
| r-release-windows-x86_64 | 2.2.7 | 222.00 | 454.00 | 676.00 | OK | |
| r-oldrel-macos-arm64 | 2.2.7 | 25.00 | 93.00 | 118.00 | NOTE | |
| r-oldrel-macos-x86_64 | 2.2.7 | 34.00 | 179.00 | 213.00 | NOTE | |
| r-oldrel-windows-x86_64 | 2.2.7 | 264.00 | 628.00 | 892.00 | NOTE |
Version: 2.2.7
Check: Rd files
Result: NOTE
checkRd: (-1) microtus.Rd:60-67: Only 4 columns allowed in this table (row 1 has 3)
checkRd: (-1) microtus.Rd:60-67: Only 4 columns allowed in this table (row 2 has 3)
checkRd: (-1) microtus.Rd:60-67: Only 4 columns allowed in this table (row 3 has 3)
checkRd: (-1) microtus.Rd:60-67: Only 4 columns allowed in this table (row 4 has 3)
checkRd: (-1) microtus.Rd:60-67: Only 4 columns allowed in this table (row 5 has 3)
checkRd: (-1) microtus.Rd:60-67: Only 4 columns allowed in this table (row 6 has 3)
Flavors: r-devel-linux-x86_64-debian-clang, r-devel-linux-x86_64-debian-gcc, r-devel-linux-x86_64-fedora-clang, r-devel-linux-x86_64-fedora-gcc
Version: 2.2.7
Check: installed package size
Result: NOTE
installed size is 6.3Mb
sub-directories of 1Mb or more:
exampledata 1.5Mb
libs 3.4Mb
Flavors: r-oldrel-macos-arm64, r-oldrel-macos-x86_64
Version: 2.2.7
Check: for GNU extensions in Makefiles
Result: NOTE
GNU make is a SystemRequirements.
Flavors: r-oldrel-macos-arm64, r-oldrel-macos-x86_64, r-oldrel-windows-x86_64
These binaries (installable software) and packages are in development.
They may not be fully stable and should be used with caution. We make no claims about them.
Health stats visible at Monitor.