Last updated on 2025-02-23 15:49:52 CET.
Flavor | Version | Tinstall | Tcheck | Ttotal | Status | Flags |
---|---|---|---|---|---|---|
r-devel-linux-x86_64-debian-clang | 2.1.1 | 1.96 | 30.97 | 32.93 | OK | |
r-devel-linux-x86_64-debian-gcc | 2.1.1 | 1.55 | 15.64 | 17.19 | ERROR | |
r-devel-linux-x86_64-fedora-clang | 2.1.1 | 36.49 | ERROR | |||
r-devel-linux-x86_64-fedora-gcc | 2.1.1 | 32.62 | ERROR | |||
r-devel-macos-arm64 | 2.1.1 | 19.00 | OK | |||
r-devel-macos-x86_64 | 2.1.1 | 36.00 | OK | |||
r-devel-windows-x86_64 | 2.1.1 | 3.00 | 53.00 | 56.00 | OK | |
r-patched-linux-x86_64 | 2.1.1 | 1.95 | 29.61 | 31.56 | OK | |
r-release-linux-x86_64 | 2.1.1 | 1.77 | 29.70 | 31.47 | OK | |
r-release-macos-arm64 | 2.1.1 | 19.00 | OK | |||
r-release-macos-x86_64 | 2.1.1 | 31.00 | OK | |||
r-release-windows-x86_64 | 2.1.1 | 3.00 | 50.00 | 53.00 | OK | |
r-oldrel-macos-arm64 | 2.1.1 | 19.00 | OK | |||
r-oldrel-macos-x86_64 | 2.1.1 | 28.00 | OK | |||
r-oldrel-windows-x86_64 | 2.1.1 | 3.00 | 53.00 | 56.00 | OK |
Version: 2.1.1
Check: examples
Result: ERROR
Running examples in ‘ohtadstats-Ex.R’ failed
The error most likely occurred in:
> base::assign(".ptime", proc.time(), pos = "CheckExEnv")
> ### Name: dheatmap
> ### Title: Heatmap Plot
> ### Aliases: dheatmap
>
> ### ** Examples
>
> data(miyashita_langley_data)
> miyashita_langley_subset <- miyashita_langley_data[,1:15]
> ml_results <- dwrapper(miyashita_langley_subset)
Error in sum(geno[, 1], na.rm = T) : NA in coercion to Rboolean
Calls: dwrapper ... structure -> eval -> eval -> tapply -> lapply -> FUN -> FUN
Execution halted
Flavor: r-devel-linux-x86_64-debian-gcc
Version: 2.1.1
Check: examples
Result: ERROR
Running examples in ‘ohtadstats-Ex.R’ failed
The error most likely occurred in:
> ### Name: dheatmap
> ### Title: Heatmap Plot
> ### Aliases: dheatmap
>
> ### ** Examples
>
> data(miyashita_langley_data)
> miyashita_langley_subset <- miyashita_langley_data[,1:15]
> ml_results <- dwrapper(miyashita_langley_subset)
Error in sum(geno[, 1], na.rm = T) : NA in coercion to Rboolean
Calls: dwrapper ... structure -> eval -> eval -> tapply -> lapply -> FUN -> FUN
Execution halted
Flavors: r-devel-linux-x86_64-fedora-clang, r-devel-linux-x86_64-fedora-gcc
These binaries (installable software) and packages are in development.
They may not be fully stable and should be used with caution. We make no claims about them.
Health stats visible at Monitor.