Last updated on 2024-05-02 09:51:50 CEST.
Flavor | Version | Tinstall | Tcheck | Ttotal | Status | Flags |
---|---|---|---|---|---|---|
r-devel-linux-x86_64-debian-clang | 1.4.2 | 113.21 | 76.64 | 189.85 | OK | |
r-devel-linux-x86_64-debian-gcc | 1.4.2 | 87.96 | 59.05 | 147.01 | OK | |
r-devel-linux-x86_64-fedora-clang | 1.4.2 | 270.67 | WARN | |||
r-devel-linux-x86_64-fedora-gcc | 1.4.2 | 276.22 | OK | |||
r-devel-windows-x86_64 | 1.4.2 | 113.00 | 110.00 | 223.00 | OK | |
r-patched-linux-x86_64 | 1.4.2 | 113.63 | 72.66 | 186.29 | OK | |
r-release-linux-x86_64 | 1.4.2 | 115.30 | 75.26 | 190.56 | OK | |
r-release-macos-arm64 | 1.4.2 | 72.00 | NOTE | |||
r-release-macos-x86_64 | 1.4.2 | 102.00 | NOTE | |||
r-release-windows-x86_64 | 1.4.2 | 113.00 | 114.00 | 227.00 | OK | |
r-oldrel-macos-arm64 | 1.4.2 | 72.00 | NOTE | |||
r-oldrel-macos-x86_64 | 1.4.2 | 142.00 | NOTE | |||
r-oldrel-windows-x86_64 | 1.4.2 | 139.00 | 127.00 | 266.00 | OK |
Version: 1.4.2
Check: whether package can be installed
Result: WARN
Found the following significant warnings:
/usr/local/clang18/bin/../include/c++/v1/locale:3257:1: warning: 'wstring_convert<std::codecvt_utf8_utf16<char16_t>, char16_t>' is deprecated [-Wdeprecated-declarations]
See ‘/data/gannet/ripley/R/packages/tests-clang/odbc.Rcheck/00install.out’ for details.
* used C++ compiler: ‘clang version 18.1.4’
Flavor: r-devel-linux-x86_64-fedora-clang
Version: 1.4.2
Check: installed package size
Result: NOTE
installed size is 10.8Mb
sub-directories of 1Mb or more:
libs 10.0Mb
Flavors: r-release-macos-arm64, r-release-macos-x86_64, r-oldrel-macos-arm64, r-oldrel-macos-x86_64
These binaries (installable software) and packages are in development.
They may not be fully stable and should be used with caution. We make no claims about them.
Health stats visible at Monitor.