Last updated on 2025-02-08 18:49:42 CET.
Flavor | Version | Tinstall | Tcheck | Ttotal | Status | Flags |
---|---|---|---|---|---|---|
r-devel-linux-x86_64-debian-clang | 1.5.0 | 65.27 | 65.99 | 131.26 | NOTE | |
r-devel-linux-x86_64-debian-gcc | 1.5.0 | 52.66 | 49.03 | 101.69 | NOTE | |
r-devel-linux-x86_64-fedora-clang | 1.5.0 | 261.35 | OK | |||
r-devel-linux-x86_64-fedora-gcc | 1.5.0 | 264.61 | OK | |||
r-devel-windows-x86_64 | 1.5.0 | 100.00 | 109.00 | 209.00 | NOTE | |
r-patched-linux-x86_64 | 1.5.0 | 74.83 | 62.29 | 137.12 | OK | |
r-release-linux-x86_64 | 1.5.0 | 68.99 | 62.16 | 131.15 | OK | |
r-release-macos-arm64 | 1.5.0 | 69.00 | ERROR | |||
r-release-macos-x86_64 | 1.5.0 | 182.00 | ERROR | |||
r-release-windows-x86_64 | 1.5.0 | 103.00 | 108.00 | 211.00 | OK | |
r-oldrel-macos-arm64 | 1.5.0 | 71.00 | ERROR | |||
r-oldrel-macos-x86_64 | 1.5.0 | 133.00 | ERROR | |||
r-oldrel-windows-x86_64 | 1.5.0 | 117.00 | 128.00 | 245.00 | OK |
Version: 1.5.0
Check: Rd cross-references
Result: NOTE
Found the following Rd file(s) with Rd \link{} targets missing package
anchors:
DBI-methods.Rd: DBIConnection-class
OdbcConnection.Rd: DBIObject-class, DBIDriver-class,
DBIConnection-class, DBIResult-class, dbBind
OdbcDriver.Rd: DBIDriver-class, DBIConnection-class
OdbcResult.Rd: DBIResult-class, DBIObject-class, DBIDriver-class,
DBIConnection-class
databricks.Rd: DBIDriver-class, DBIConnection-class
dbConnect-OdbcDriver-method.Rd: dbListTables, dbSendQuery,
dbColumnInfo, dbFetch
dbListTables-OdbcConnection-method.Rd: DBIConnection-class
driver-Snowflake.Rd: DBIConnection-class
odbcConnectionColumns.Rd: dbListFields, dbWriteTable
odbcSetTransactionIsolationLevel.Rd: DBIConnection-class
snowflake.Rd: DBIDriver-class, DBIConnection-class
Please provide package anchors for all Rd \link{} targets not in the
package itself and the base packages.
Flavors: r-devel-linux-x86_64-debian-clang, r-devel-linux-x86_64-debian-gcc, r-devel-windows-x86_64
Version: 1.5.0
Check: installed package size
Result: NOTE
installed size is 11.4Mb
sub-directories of 1Mb or more:
libs 10.6Mb
Flavors: r-release-macos-arm64, r-release-macos-x86_64, r-oldrel-macos-arm64, r-oldrel-macos-x86_64
Version: 1.5.0
Check: tests
Result: ERROR
Running ‘testthat.R’ [3s/3s]
Running the tests in ‘tests/testthat.R’ failed.
Complete output:
> # This file is part of the standard setup for testthat.
> # It is recommended that you do not modify it.
> #
> # Where should you do additional test configuration?
> # Learn more about the roles of various files in:
> # * https://r-pkgs.org/testing-design.html#sec-tests-files-overview
> # * https://testthat.r-lib.org/articles/special-files.html
>
> library(testthat)
> library(odbc)
>
> test_check("odbc")
[ FAIL 1 | WARN 0 | SKIP 72 | PASS 77 ]
══ Skipped tests (72) ══════════════════════════════════════════════════════════
• On CRAN (70): 'test-dbi-connection.R:8:3', 'test-dbi-connection.R:17:3',
'test-dbi-connection.R:26:3', 'test-dbi-connection.R:30:3',
'test-driver-databricks.R:36:3', 'test-driver-databricks.R:41:3',
'test-driver-databricks.R:63:3', 'test-driver-databricks.R:75:3',
'test-driver-databricks.R:108:3', 'test-driver-mysql.R:2:3',
'test-driver-mysql.R:87:3', 'test-driver-mysql.R:91:3',
'test-driver-mysql.R:102:3', 'test-driver-oracle.R:2:3',
'test-driver-oracle.R:13:3', 'test-driver-postgres.R:2:3',
'test-driver-postgres.R:98:3', 'test-driver-postgres.R:104:3',
'test-driver-postgres.R:112:3', 'test-driver-postgres.R:136:3',
'test-driver-postgres.R:155:3', 'test-driver-snowflake.R:12:3',
'test-driver-snowflake.R:60:3', 'test-driver-snowflake.R:84:3',
'test-driver-snowflake.R:103:3', 'test-driver-snowflake.R:145:3',
'test-driver-sql-server.R:2:3', 'test-driver-sql-server.R:85:3',
'test-driver-sql-server.R:121:3', 'test-driver-sql-server.R:134:3',
'test-driver-sql-server.R:143:3', 'test-driver-sql-server.R:151:3',
'test-driver-sql-server.R:173:3', 'test-driver-sql-server.R:194:3',
'test-driver-sql-server.R:221:3', 'test-driver-sql-server.R:232:3',
'test-driver-sql-server.R:238:3', 'test-driver-sql-server.R:248:3',
'test-driver-sql-server.R:258:3', 'test-driver-sql-server.R:268:3',
'test-driver-sql-server.R:290:3', 'test-driver-sqlite.R:2:3',
'test-driver-sqlite.R:134:3', 'test-driver-sqlite.R:144:3',
'test-driver-sqlite.R:155:3', 'test-driver-sqlite.R:170:3',
'test-driver-sqlite.R:185:3', 'test-odbc-config.R:25:3',
'test-odbc-config.R:33:3', 'test-odbc-connection.R:17:3',
'test-odbc-connection.R:24:3', 'test-odbc-connection.R:32:3',
'test-odbc-connection.R:64:3', 'test-odbc-connection.R:69:3',
'test-odbc-connection.R:85:3', 'test-odbc-connection.R:90:3',
'test-odbc-data-sources.R:2:3', 'test-odbc-drivers.R:2:3',
'test-odbc-drivers.R:11:3', 'test-utils.R:2:3', 'test-utils.R:22:3',
'test-utils.R:49:3', 'test-utils.R:56:3', 'test-utils.R:65:3',
'test-utils.R:87:3', 'test-utils.R:94:3', 'test-utils.R:103:3',
'test-utils.R:112:3', 'test-utils.R:135:3', 'test-utils.R:150:3'
• Secret ODBC_PWD_SNOWFLAKE not available. (2): 'test-driver-snowflake.R:4:5',
'test-driver-snowflake.R:154:5'
══ Failed tests ════════════════════════════════════════════════════════════════
── Failure ('test-utils.R:144:3'): locate_install_unixodbc() returns reasonable values ──
file.exists(res[1]) is not TRUE
`actual`: FALSE
`expected`: TRUE
[ FAIL 1 | WARN 0 | SKIP 72 | PASS 77 ]
Error: Test failures
Execution halted
Flavors: r-release-macos-arm64, r-oldrel-macos-arm64
Version: 1.5.0
Check: tests
Result: ERROR
Running ‘testthat.R’ [5s/12s]
Running the tests in ‘tests/testthat.R’ failed.
Complete output:
> # This file is part of the standard setup for testthat.
> # It is recommended that you do not modify it.
> #
> # Where should you do additional test configuration?
> # Learn more about the roles of various files in:
> # * https://r-pkgs.org/testing-design.html#sec-tests-files-overview
> # * https://testthat.r-lib.org/articles/special-files.html
>
> library(testthat)
> library(odbc)
>
> test_check("odbc")
[ FAIL 1 | WARN 0 | SKIP 72 | PASS 77 ]
══ Skipped tests (72) ══════════════════════════════════════════════════════════
• On CRAN (70): 'test-dbi-connection.R:8:3', 'test-dbi-connection.R:17:3',
'test-dbi-connection.R:26:3', 'test-dbi-connection.R:30:3',
'test-driver-databricks.R:36:3', 'test-driver-databricks.R:41:3',
'test-driver-databricks.R:63:3', 'test-driver-databricks.R:75:3',
'test-driver-databricks.R:108:3', 'test-driver-mysql.R:2:3',
'test-driver-mysql.R:87:3', 'test-driver-mysql.R:91:3',
'test-driver-mysql.R:102:3', 'test-driver-oracle.R:2:3',
'test-driver-oracle.R:13:3', 'test-driver-postgres.R:2:3',
'test-driver-postgres.R:98:3', 'test-driver-postgres.R:104:3',
'test-driver-postgres.R:112:3', 'test-driver-postgres.R:136:3',
'test-driver-postgres.R:155:3', 'test-driver-snowflake.R:12:3',
'test-driver-snowflake.R:60:3', 'test-driver-snowflake.R:84:3',
'test-driver-snowflake.R:103:3', 'test-driver-snowflake.R:145:3',
'test-driver-sql-server.R:2:3', 'test-driver-sql-server.R:85:3',
'test-driver-sql-server.R:121:3', 'test-driver-sql-server.R:134:3',
'test-driver-sql-server.R:143:3', 'test-driver-sql-server.R:151:3',
'test-driver-sql-server.R:173:3', 'test-driver-sql-server.R:194:3',
'test-driver-sql-server.R:221:3', 'test-driver-sql-server.R:232:3',
'test-driver-sql-server.R:238:3', 'test-driver-sql-server.R:248:3',
'test-driver-sql-server.R:258:3', 'test-driver-sql-server.R:268:3',
'test-driver-sql-server.R:290:3', 'test-driver-sqlite.R:2:3',
'test-driver-sqlite.R:134:3', 'test-driver-sqlite.R:144:3',
'test-driver-sqlite.R:155:3', 'test-driver-sqlite.R:170:3',
'test-driver-sqlite.R:185:3', 'test-odbc-config.R:25:3',
'test-odbc-config.R:33:3', 'test-odbc-connection.R:17:3',
'test-odbc-connection.R:24:3', 'test-odbc-connection.R:32:3',
'test-odbc-connection.R:64:3', 'test-odbc-connection.R:69:3',
'test-odbc-connection.R:85:3', 'test-odbc-connection.R:90:3',
'test-odbc-data-sources.R:2:3', 'test-odbc-drivers.R:2:3',
'test-odbc-drivers.R:11:3', 'test-utils.R:2:3', 'test-utils.R:22:3',
'test-utils.R:49:3', 'test-utils.R:56:3', 'test-utils.R:65:3',
'test-utils.R:87:3', 'test-utils.R:94:3', 'test-utils.R:103:3',
'test-utils.R:112:3', 'test-utils.R:135:3', 'test-utils.R:150:3'
• Secret ODBC_PWD_SNOWFLAKE not available. (2): 'test-driver-snowflake.R:4:5',
'test-driver-snowflake.R:154:5'
══ Failed tests ════════════════════════════════════════════════════════════════
── Failure ('test-utils.R:144:3'): locate_install_unixodbc() returns reasonable values ──
file.exists(res[1]) is not TRUE
`actual`: FALSE
`expected`: TRUE
[ FAIL 1 | WARN 0 | SKIP 72 | PASS 77 ]
Error: Test failures
Execution halted
Flavor: r-release-macos-x86_64
Version: 1.5.0
Check: tests
Result: ERROR
Running ‘testthat.R’ [5s/6s]
Running the tests in ‘tests/testthat.R’ failed.
Complete output:
> # This file is part of the standard setup for testthat.
> # It is recommended that you do not modify it.
> #
> # Where should you do additional test configuration?
> # Learn more about the roles of various files in:
> # * https://r-pkgs.org/testing-design.html#sec-tests-files-overview
> # * https://testthat.r-lib.org/articles/special-files.html
>
> library(testthat)
> library(odbc)
>
> test_check("odbc")
[ FAIL 1 | WARN 0 | SKIP 72 | PASS 77 ]
══ Skipped tests (72) ══════════════════════════════════════════════════════════
• On CRAN (70): 'test-dbi-connection.R:8:3', 'test-dbi-connection.R:17:3',
'test-dbi-connection.R:26:3', 'test-dbi-connection.R:30:3',
'test-driver-databricks.R:36:3', 'test-driver-databricks.R:41:3',
'test-driver-databricks.R:63:3', 'test-driver-databricks.R:75:3',
'test-driver-databricks.R:108:3', 'test-driver-mysql.R:2:3',
'test-driver-mysql.R:87:3', 'test-driver-mysql.R:91:3',
'test-driver-mysql.R:102:3', 'test-driver-oracle.R:2:3',
'test-driver-oracle.R:13:3', 'test-driver-postgres.R:2:3',
'test-driver-postgres.R:98:3', 'test-driver-postgres.R:104:3',
'test-driver-postgres.R:112:3', 'test-driver-postgres.R:136:3',
'test-driver-postgres.R:155:3', 'test-driver-snowflake.R:12:3',
'test-driver-snowflake.R:60:3', 'test-driver-snowflake.R:84:3',
'test-driver-snowflake.R:103:3', 'test-driver-snowflake.R:145:3',
'test-driver-sql-server.R:2:3', 'test-driver-sql-server.R:85:3',
'test-driver-sql-server.R:121:3', 'test-driver-sql-server.R:134:3',
'test-driver-sql-server.R:143:3', 'test-driver-sql-server.R:151:3',
'test-driver-sql-server.R:173:3', 'test-driver-sql-server.R:194:3',
'test-driver-sql-server.R:221:3', 'test-driver-sql-server.R:232:3',
'test-driver-sql-server.R:238:3', 'test-driver-sql-server.R:248:3',
'test-driver-sql-server.R:258:3', 'test-driver-sql-server.R:268:3',
'test-driver-sql-server.R:290:3', 'test-driver-sqlite.R:2:3',
'test-driver-sqlite.R:134:3', 'test-driver-sqlite.R:144:3',
'test-driver-sqlite.R:155:3', 'test-driver-sqlite.R:170:3',
'test-driver-sqlite.R:185:3', 'test-odbc-config.R:25:3',
'test-odbc-config.R:33:3', 'test-odbc-connection.R:17:3',
'test-odbc-connection.R:24:3', 'test-odbc-connection.R:32:3',
'test-odbc-connection.R:64:3', 'test-odbc-connection.R:69:3',
'test-odbc-connection.R:85:3', 'test-odbc-connection.R:90:3',
'test-odbc-data-sources.R:2:3', 'test-odbc-drivers.R:2:3',
'test-odbc-drivers.R:11:3', 'test-utils.R:2:3', 'test-utils.R:22:3',
'test-utils.R:49:3', 'test-utils.R:56:3', 'test-utils.R:65:3',
'test-utils.R:87:3', 'test-utils.R:94:3', 'test-utils.R:103:3',
'test-utils.R:112:3', 'test-utils.R:135:3', 'test-utils.R:150:3'
• Secret ODBC_PWD_SNOWFLAKE not available. (2): 'test-driver-snowflake.R:4:5',
'test-driver-snowflake.R:154:5'
══ Failed tests ════════════════════════════════════════════════════════════════
── Failure ('test-utils.R:144:3'): locate_install_unixodbc() returns reasonable values ──
file.exists(res[1]) is not TRUE
`actual`: FALSE
`expected`: TRUE
[ FAIL 1 | WARN 0 | SKIP 72 | PASS 77 ]
Error: Test failures
Execution halted
Flavor: r-oldrel-macos-x86_64
These binaries (installable software) and packages are in development.
They may not be fully stable and should be used with caution. We make no claims about them.
Health stats visible at Monitor.