Last updated on 2025-05-15 07:49:46 CEST.
Flavor | Version | Tinstall | Tcheck | Ttotal | Status | Flags |
---|---|---|---|---|---|---|
r-devel-linux-x86_64-debian-clang | 0.1.1 | 3.09 | 155.32 | 158.41 | NOTE | |
r-devel-linux-x86_64-debian-gcc | 0.1.1 | 2.11 | 104.77 | 106.88 | NOTE | |
r-devel-linux-x86_64-fedora-clang | 0.1.1 | 252.16 | NOTE | |||
r-devel-linux-x86_64-fedora-gcc | 0.1.1 | 272.73 | NOTE | |||
r-devel-windows-x86_64 | 0.1.1 | 4.00 | 149.00 | 153.00 | NOTE | |
r-patched-linux-x86_64 | 0.1.1 | 3.56 | 148.24 | 151.80 | NOTE | |
r-release-linux-x86_64 | 0.1.1 | 2.95 | 148.12 | 151.07 | NOTE | |
r-release-macos-arm64 | 0.1.1 | NOTE | ||||
r-release-macos-x86_64 | 0.1.1 | 151.00 | NOTE | |||
r-release-windows-x86_64 | 0.1.1 | 5.00 | 150.00 | 155.00 | NOTE | |
r-oldrel-macos-arm64 | 0.1.1 | 61.00 | NOTE | |||
r-oldrel-macos-x86_64 | 0.1.1 | 104.00 | NOTE | |||
r-oldrel-windows-x86_64 | 0.1.1 | 4.00 | 202.00 | 206.00 | NOTE |
Version: 0.1.1
Check: CRAN incoming feasibility
Result: NOTE
Maintainer: ‘Andrea Pagotto <ajpagotto@gmail.com>’
No Authors@R field in DESCRIPTION.
Please add one, modifying
Authors@R: person(given = "Andrea",
family = "Pagotto",
role = c("aut", "cre"),
email = "ajpagotto@gmail.com")
as necessary.
The Description field contains
and MacKay (2007) <arXiv:0710.3742> for univariate or multivariate
Please refer to arXiv e-prints via their arXiv DOI <doi:10.48550/arXiv.YYMM.NNNNN>.
Flavors: r-devel-linux-x86_64-debian-clang, r-devel-linux-x86_64-debian-gcc
Version: 0.1.1
Check: Rd files
Result: NOTE
checkRd: (-1) onlineCPD.Rd:35: Lost braces
35 | function(x, lambda){const_hazard(x, lambda=100)}
| ^
Flavors: r-devel-linux-x86_64-debian-clang, r-devel-linux-x86_64-debian-gcc, r-devel-linux-x86_64-fedora-clang, r-devel-linux-x86_64-fedora-gcc, r-devel-windows-x86_64, r-patched-linux-x86_64, r-release-linux-x86_64, r-release-macos-arm64, r-release-macos-x86_64, r-release-windows-x86_64, r-oldrel-macos-arm64, r-oldrel-macos-x86_64, r-oldrel-windows-x86_64
These binaries (installable software) and packages are in development.
They may not be fully stable and should be used with caution. We make no claims about them.
Health stats visible at Monitor.