Last updated on 2025-10-30 17:50:07 CET.
| Flavor | Version | Tinstall | Tcheck | Ttotal | Status | Flags |
|---|---|---|---|---|---|---|
| r-devel-linux-x86_64-debian-clang | 1.8-3 | 202.24 | 634.92 | 837.16 | NOTE | |
| r-devel-linux-x86_64-debian-gcc | 1.8-3 | 125.20 | 404.25 | 529.45 | NOTE | |
| r-devel-linux-x86_64-fedora-clang | 1.8-3 | 411.00 | 915.45 | 1326.45 | NOTE | |
| r-devel-linux-x86_64-fedora-gcc | 1.8-3 | 1140.00 | 209.11 | 1349.11 | NOTE | |
| r-devel-windows-x86_64 | 1.8-3 | 220.00 | 766.00 | 986.00 | OK | |
| r-patched-linux-x86_64 | 1.8-3 | 232.82 | 597.91 | 830.73 | OK | |
| r-release-linux-x86_64 | 1.8-3 | 198.97 | 600.44 | 799.41 | OK | |
| r-release-macos-arm64 | 1.8-3 | 80.00 | 260.00 | 340.00 | OK | |
| r-release-macos-x86_64 | 1.8-3 | 103.00 | 636.00 | 739.00 | OK | |
| r-release-windows-x86_64 | 1.8-3 | 226.00 | 764.00 | 990.00 | OK | |
| r-oldrel-macos-arm64 | 1.8-3 | 80.00 | 247.00 | 327.00 | NOTE | |
| r-oldrel-macos-x86_64 | 1.8-3 | 167.00 | 711.00 | 878.00 | NOTE | |
| r-oldrel-windows-x86_64 | 1.8-3 | 278.00 | 959.00 | 1237.00 | NOTE |
Version: 1.8-3
Check: Rd files
Result: NOTE
checkRd: (-1) cnvName2oceName.Rd:67-206: Only 4 columns allowed in this table (row 26 has 3)
checkRd: (-1) xyzToEnuAdp.Rd:60-72: Only 12 columns allowed in this table (row 1 has 9)
checkRd: (-1) xyzToEnuAdp.Rd:60-72: Only 12 columns allowed in this table (row 2 has 10)
checkRd: (-1) xyzToEnuAdp.Rd:60-72: Only 12 columns allowed in this table (row 3 has 10)
checkRd: (-1) xyzToEnuAdp.Rd:60-72: Only 12 columns allowed in this table (row 4 has 10)
checkRd: (-1) xyzToEnuAdp.Rd:60-72: Only 12 columns allowed in this table (row 5 has 10)
checkRd: (-1) xyzToEnuAdp.Rd:60-72: Only 12 columns allowed in this table (row 6 has 10)
checkRd: (-1) xyzToEnuAdp.Rd:60-72: Only 12 columns allowed in this table (row 7 has 10)
checkRd: (-1) xyzToEnuAdp.Rd:60-72: Only 12 columns allowed in this table (row 8 has 10)
checkRd: (-1) xyzToEnuAdp.Rd:60-72: Only 12 columns allowed in this table (row 9 has 10)
Flavors: r-devel-linux-x86_64-debian-clang, r-devel-linux-x86_64-debian-gcc, r-devel-linux-x86_64-fedora-clang, r-devel-linux-x86_64-fedora-gcc
Version: 1.8-3
Check: installed package size
Result: NOTE
installed size is 16.1Mb
sub-directories of 1Mb or more:
R 3.1Mb
data 1.0Mb
doc 1.7Mb
help 3.8Mb
libs 5.9Mb
Flavors: r-oldrel-macos-arm64, r-oldrel-macos-x86_64, r-oldrel-windows-x86_64
These binaries (installable software) and packages are in development.
They may not be fully stable and should be used with caution. We make no claims about them.
Health stats visible at Monitor.