Last updated on 2025-04-16 20:48:48 CEST.
Flavor | Version | Tinstall | Tcheck | Ttotal | Status | Flags |
---|---|---|---|---|---|---|
r-devel-linux-x86_64-debian-clang | 1.1.3 | 36.30 | 236.61 | 272.91 | ERROR | |
r-devel-linux-x86_64-debian-gcc | 1.1.3 | 29.47 | 150.70 | 180.17 | ERROR | |
r-devel-linux-x86_64-fedora-clang | 1.1.3 | 631.36 | OK | |||
r-devel-linux-x86_64-fedora-gcc | 1.1.3 | 642.85 | OK | |||
r-devel-windows-x86_64 | 1.1.3 | 41.00 | 271.00 | 312.00 | ERROR | |
r-patched-linux-x86_64 | 1.1.3 | 38.51 | 222.22 | 260.73 | ERROR | |
r-release-linux-x86_64 | 1.1.3 | 39.55 | 308.75 | 348.30 | OK | |
r-release-macos-arm64 | 1.1.3 | 238.00 | OK | |||
r-release-macos-x86_64 | 1.1.3 | 684.00 | OK | |||
r-release-windows-x86_64 | 1.1.3 | 46.00 | 371.00 | 417.00 | OK | |
r-oldrel-macos-arm64 | 1.1.3 | 241.00 | OK | |||
r-oldrel-macos-x86_64 | 1.1.3 | 697.00 | OK | |||
r-oldrel-windows-x86_64 | 1.1.3 | 51.00 | 481.00 | 532.00 | OK |
Version: 1.1.3
Check: re-building of vignette outputs
Result: ERROR
Error(s) in re-building vignettes:
...
--- re-building ‘o2geosocial.Rmd’ using rmarkdown
** Processing: /home/hornik/tmp/R.check/r-devel-clang/Work/PKGS/o2geosocial.Rcheck/vign_test/o2geosocial/vignettes/o2geosocial_files/figure-html/plot_ref-1.png
624x384 pixels, 8 bits/pixel, 256 colors in palette
Reducing image to 8 bits/pixel, grayscale
Input IDAT size = 5405 bytes
Input file size = 6263 bytes
Trying:
zc = 9 zm = 8 zs = 0 f = 0 IDAT size = 4705
zc = 9 zm = 8 zs = 1 f = 0
zc = 1 zm = 8 zs = 2 f = 0
zc = 9 zm = 8 zs = 3 f = 0
zc = 9 zm = 8 zs = 0 f = 5
zc = 9 zm = 8 zs = 1 f = 5
zc = 1 zm = 8 zs = 2 f = 5
zc = 9 zm = 8 zs = 3 f = 5
Selecting parameters:
zc = 9 zm = 8 zs = 0 f = 0 IDAT size = 4705
Output IDAT size = 4705 bytes (700 bytes decrease)
Output file size = 4783 bytes (1480 bytes = 23.63% decrease)
Warning in doTryCatch(return(expr), name, parentenv, handler) :
zero-length arrow is of indeterminate angle and so skipped
Warning in doTryCatch(return(expr), name, parentenv, handler) :
zero-length arrow is of indeterminate angle and so skipped
Warning in doTryCatch(return(expr), name, parentenv, handler) :
zero-length arrow is of indeterminate angle and so skipped
Warning in doTryCatch(return(expr), name, parentenv, handler) :
zero-length arrow is of indeterminate angle and so skipped
** Processing: /home/hornik/tmp/R.check/r-devel-clang/Work/PKGS/o2geosocial.Rcheck/vign_test/o2geosocial/vignettes/o2geosocial_files/figure-html/plot_first-1.png
624x384 pixels, 8 bits/pixel, 256 colors in palette
Reducing image to 8 bits/pixel, grayscale
Input IDAT size = 8301 bytes
Input file size = 9171 bytes
Trying:
zc = 9 zm = 8 zs = 0 f = 0 IDAT size = 7523
zc = 9 zm = 8 zs = 1 f = 0
zc = 1 zm = 8 zs = 2 f = 0
zc = 9 zm = 8 zs = 3 f = 0
zc = 9 zm = 8 zs = 0 f = 5
zc = 9 zm = 8 zs = 1 f = 5
zc = 1 zm = 8 zs = 2 f = 5
zc = 9 zm = 8 zs = 3 f = 5
Selecting parameters:
zc = 9 zm = 8 zs = 0 f = 0 IDAT size = 7523
Output IDAT size = 7523 bytes (778 bytes decrease)
Output file size = 7601 bytes (1570 bytes = 17.12% decrease)
** Processing: /home/hornik/tmp/R.check/r-devel-clang/Work/PKGS/o2geosocial.Rcheck/vign_test/o2geosocial/vignettes/o2geosocial_files/figure-html/plot index_infer-1.png
672x288 pixels, 8 bits/pixel, 256 colors in palette
Reducing image to 8 bits/pixel, grayscale
Input IDAT size = 11829 bytes
Input file size = 12699 bytes
Trying:
zc = 9 zm = 8 zs = 0 f = 0 IDAT size = 10780
zc = 9 zm = 8 zs = 1 f = 0
zc = 1 zm = 8 zs = 2 f = 0
zc = 9 zm = 8 zs = 3 f = 0
zc = 9 zm = 8 zs = 0 f = 5
zc = 9 zm = 8 zs = 1 f = 5
zc = 1 zm = 8 zs = 2 f = 5
zc = 9 zm = 8 zs = 3 f = 5
Selecting parameters:
zc = 9 zm = 8 zs = 0 f = 0 IDAT size = 10780
Output IDAT size = 10780 bytes (1049 bytes decrease)
Output file size = 10858 bytes (1841 bytes = 14.50% decrease)
Quitting from o2geosocial.Rmd:360-370 [import_sf_file]
~~~~~~~~~~~~~~~~~~~~~~~~~~~~~~~~~~~~~~~~~~~~~~~~~~~~~~~~~~~~~~~~~~~~~~~~~~~~~~~~
<error/rlang_error>
Error:
! Cannot open "/home/hornik/tmp/scratch/RtmpnVeMTy"; The source could be corrupt or not supported. See `st_drivers()` for a list of supported formats.
---
Backtrace:
▆
1. └─tigris::tracts(state = "Ohio", class = "sf", progress_bar = FALSE)
2. └─tigris:::load_tiger(url, tigris_type = "tract", ...)
3. ├─sf::st_read(...)
4. └─sf:::st_read.character(...)
5. └─sf:::CPL_read_ogr(...)
~~~~~~~~~~~~~~~~~~~~~~~~~~~~~~~~~~~~~~~~~~~~~~~~~~~~~~~~~~~~~~~~~~~~~~~~~~~~~~~~
Error: processing vignette 'o2geosocial.Rmd' failed with diagnostics:
Cannot open "/home/hornik/tmp/scratch/RtmpnVeMTy"; The source could be corrupt or not supported. See `st_drivers()` for a list of supported formats.
--- failed re-building ‘o2geosocial.Rmd’
SUMMARY: processing the following file failed:
‘o2geosocial.Rmd’
Error: Vignette re-building failed.
Execution halted
Flavor: r-devel-linux-x86_64-debian-clang
Version: 1.1.3
Check: re-building of vignette outputs
Result: ERROR
Error(s) in re-building vignettes:
...
--- re-building ‘o2geosocial.Rmd’ using rmarkdown
** Processing: /home/hornik/tmp/R.check/r-devel-gcc/Work/PKGS/o2geosocial.Rcheck/vign_test/o2geosocial/vignettes/o2geosocial_files/figure-html/plot_ref-1.png
624x384 pixels, 8 bits/pixel, 256 colors in palette
Reducing image to 8 bits/pixel, grayscale
Input IDAT size = 5405 bytes
Input file size = 6263 bytes
Trying:
zc = 9 zm = 8 zs = 0 f = 0 IDAT size = 4705
zc = 9 zm = 8 zs = 1 f = 0
zc = 1 zm = 8 zs = 2 f = 0
zc = 9 zm = 8 zs = 3 f = 0
zc = 9 zm = 8 zs = 0 f = 5
zc = 9 zm = 8 zs = 1 f = 5
zc = 1 zm = 8 zs = 2 f = 5
zc = 9 zm = 8 zs = 3 f = 5
Selecting parameters:
zc = 9 zm = 8 zs = 0 f = 0 IDAT size = 4705
Output IDAT size = 4705 bytes (700 bytes decrease)
Output file size = 4783 bytes (1480 bytes = 23.63% decrease)
Warning in doTryCatch(return(expr), name, parentenv, handler) :
zero-length arrow is of indeterminate angle and so skipped
Warning in doTryCatch(return(expr), name, parentenv, handler) :
zero-length arrow is of indeterminate angle and so skipped
Warning in doTryCatch(return(expr), name, parentenv, handler) :
zero-length arrow is of indeterminate angle and so skipped
Warning in doTryCatch(return(expr), name, parentenv, handler) :
zero-length arrow is of indeterminate angle and so skipped
Warning in doTryCatch(return(expr), name, parentenv, handler) :
zero-length arrow is of indeterminate angle and so skipped
** Processing: /home/hornik/tmp/R.check/r-devel-gcc/Work/PKGS/o2geosocial.Rcheck/vign_test/o2geosocial/vignettes/o2geosocial_files/figure-html/plot_first-1.png
624x384 pixels, 8 bits/pixel, 256 colors in palette
Reducing image to 8 bits/pixel, grayscale
Input IDAT size = 8476 bytes
Input file size = 9346 bytes
Trying:
zc = 9 zm = 8 zs = 0 f = 0 IDAT size = 7644
zc = 9 zm = 8 zs = 1 f = 0
zc = 1 zm = 8 zs = 2 f = 0
zc = 9 zm = 8 zs = 3 f = 0
zc = 9 zm = 8 zs = 0 f = 5
zc = 9 zm = 8 zs = 1 f = 5
zc = 1 zm = 8 zs = 2 f = 5
zc = 9 zm = 8 zs = 3 f = 5
Selecting parameters:
zc = 9 zm = 8 zs = 0 f = 0 IDAT size = 7644
Output IDAT size = 7644 bytes (832 bytes decrease)
Output file size = 7722 bytes (1624 bytes = 17.38% decrease)
** Processing: /home/hornik/tmp/R.check/r-devel-gcc/Work/PKGS/o2geosocial.Rcheck/vign_test/o2geosocial/vignettes/o2geosocial_files/figure-html/plot index_infer-1.png
672x288 pixels, 8 bits/pixel, 256 colors in palette
Reducing image to 8 bits/pixel, grayscale
Input IDAT size = 11554 bytes
Input file size = 12424 bytes
Trying:
zc = 9 zm = 8 zs = 0 f = 0 IDAT size = 10555
zc = 9 zm = 8 zs = 1 f = 0
zc = 1 zm = 8 zs = 2 f = 0
zc = 9 zm = 8 zs = 3 f = 0
zc = 9 zm = 8 zs = 0 f = 5
zc = 9 zm = 8 zs = 1 f = 5
zc = 1 zm = 8 zs = 2 f = 5
zc = 9 zm = 8 zs = 3 f = 5
Selecting parameters:
zc = 9 zm = 8 zs = 0 f = 0 IDAT size = 10555
Output IDAT size = 10555 bytes (999 bytes decrease)
Output file size = 10633 bytes (1791 bytes = 14.42% decrease)
Quitting from o2geosocial.Rmd:360-370 [import_sf_file]
~~~~~~~~~~~~~~~~~~~~~~~~~~~~~~~~~~~~~~~~~~~~~~~~~~~~~~~~~~~~~~~~~~~~~~~~~~~~~~~~
<error/rlang_error>
Error:
! Cannot open "/tmp/RtmpqKGsb8"; The source could be corrupt or not supported. See `st_drivers()` for a list of supported formats.
---
Backtrace:
▆
1. └─tigris::tracts(state = "Ohio", class = "sf", progress_bar = FALSE)
2. └─tigris:::load_tiger(url, tigris_type = "tract", ...)
3. ├─sf::st_read(...)
4. └─sf:::st_read.character(...)
5. └─sf:::CPL_read_ogr(...)
~~~~~~~~~~~~~~~~~~~~~~~~~~~~~~~~~~~~~~~~~~~~~~~~~~~~~~~~~~~~~~~~~~~~~~~~~~~~~~~~
Error: processing vignette 'o2geosocial.Rmd' failed with diagnostics:
Cannot open "/tmp/RtmpqKGsb8"; The source could be corrupt or not supported. See `st_drivers()` for a list of supported formats.
--- failed re-building ‘o2geosocial.Rmd’
SUMMARY: processing the following file failed:
‘o2geosocial.Rmd’
Error: Vignette re-building failed.
Execution halted
Flavor: r-devel-linux-x86_64-debian-gcc
Version: 1.1.3
Check: re-building of vignette outputs
Result: ERROR
Error(s) in re-building vignettes:
--- re-building 'o2geosocial.Rmd' using rmarkdown
Warning in doTryCatch(return(expr), name, parentenv, handler) :
zero-length arrow is of indeterminate angle and so skipped
Warning in doTryCatch(return(expr), name, parentenv, handler) :
zero-length arrow is of indeterminate angle and so skipped
Warning in doTryCatch(return(expr), name, parentenv, handler) :
zero-length arrow is of indeterminate angle and so skipped
Warning in doTryCatch(return(expr), name, parentenv, handler) :
zero-length arrow is of indeterminate angle and so skipped
Quitting from o2geosocial.Rmd:360-370 [import_sf_file]
~~~~~~~~~~~~~~~~~~~~~~~~~~~~~~~~~~~~~~~~~~~~~~~~~~~~~~~~~~~~~~~~~~~~~~~~~~~~~~~~
<error/rlang_error>
Error:
! Cannot open "D:\temp\2025_04_15_01_50_00_1004\RtmpqinXov"; The source could be corrupt or not supported. See `st_drivers()` for a list of supported formats.
---
Backtrace:
▆
1. └─tigris::tracts(state = "Ohio", class = "sf", progress_bar = FALSE)
2. └─tigris:::load_tiger(url, tigris_type = "tract", ...)
3. ├─sf::st_read(...)
4. └─sf:::st_read.character(...)
5. └─sf:::CPL_read_ogr(...)
~~~~~~~~~~~~~~~~~~~~~~~~~~~~~~~~~~~~~~~~~~~~~~~~~~~~~~~~~~~~~~~~~~~~~~~~~~~~~~~~
Error: processing vignette 'o2geosocial.Rmd' failed with diagnostics:
Cannot open "D:\temp\2025_04_15_01_50_00_1004\RtmpqinXov"; The source could be corrupt or not supported. See `st_drivers()` for a list of supported formats.
--- failed re-building 'o2geosocial.Rmd'
SUMMARY: processing the following file failed:
'o2geosocial.Rmd'
Error: Vignette re-building failed.
Execution halted
Flavor: r-devel-windows-x86_64
Version: 1.1.3
Check: re-building of vignette outputs
Result: ERROR
Error(s) in re-building vignettes:
...
--- re-building ‘o2geosocial.Rmd’ using rmarkdown
** Processing: /home/hornik/tmp/R.check/r-patched-gcc/Work/PKGS/o2geosocial.Rcheck/vign_test/o2geosocial/vignettes/o2geosocial_files/figure-html/plot_ref-1.png
624x384 pixels, 8 bits/pixel, 256 colors in palette
Reducing image to 8 bits/pixel, grayscale
Input IDAT size = 5405 bytes
Input file size = 6263 bytes
Trying:
zc = 9 zm = 8 zs = 0 f = 0 IDAT size = 4705
zc = 9 zm = 8 zs = 1 f = 0
zc = 1 zm = 8 zs = 2 f = 0
zc = 9 zm = 8 zs = 3 f = 0
zc = 9 zm = 8 zs = 0 f = 5
zc = 9 zm = 8 zs = 1 f = 5
zc = 1 zm = 8 zs = 2 f = 5
zc = 9 zm = 8 zs = 3 f = 5
Selecting parameters:
zc = 9 zm = 8 zs = 0 f = 0 IDAT size = 4705
Output IDAT size = 4705 bytes (700 bytes decrease)
Output file size = 4783 bytes (1480 bytes = 23.63% decrease)
Warning in doTryCatch(return(expr), name, parentenv, handler) :
zero-length arrow is of indeterminate angle and so skipped
Warning in doTryCatch(return(expr), name, parentenv, handler) :
zero-length arrow is of indeterminate angle and so skipped
Warning in doTryCatch(return(expr), name, parentenv, handler) :
zero-length arrow is of indeterminate angle and so skipped
Warning in doTryCatch(return(expr), name, parentenv, handler) :
zero-length arrow is of indeterminate angle and so skipped
** Processing: /home/hornik/tmp/R.check/r-patched-gcc/Work/PKGS/o2geosocial.Rcheck/vign_test/o2geosocial/vignettes/o2geosocial_files/figure-html/plot_first-1.png
624x384 pixels, 8 bits/pixel, 256 colors in palette
Reducing image to 8 bits/pixel, grayscale
Input IDAT size = 8385 bytes
Input file size = 9255 bytes
Trying:
zc = 9 zm = 8 zs = 0 f = 0 IDAT size = 7600
zc = 9 zm = 8 zs = 1 f = 0
zc = 1 zm = 8 zs = 2 f = 0
zc = 9 zm = 8 zs = 3 f = 0
zc = 9 zm = 8 zs = 0 f = 5
zc = 9 zm = 8 zs = 1 f = 5
zc = 1 zm = 8 zs = 2 f = 5
zc = 9 zm = 8 zs = 3 f = 5
Selecting parameters:
zc = 9 zm = 8 zs = 0 f = 0 IDAT size = 7600
Output IDAT size = 7600 bytes (785 bytes decrease)
Output file size = 7678 bytes (1577 bytes = 17.04% decrease)
** Processing: /home/hornik/tmp/R.check/r-patched-gcc/Work/PKGS/o2geosocial.Rcheck/vign_test/o2geosocial/vignettes/o2geosocial_files/figure-html/plot index_infer-1.png
672x288 pixels, 8 bits/pixel, 256 colors in palette
Reducing image to 8 bits/pixel, grayscale
Input IDAT size = 12040 bytes
Input file size = 12910 bytes
Trying:
zc = 9 zm = 8 zs = 0 f = 0 IDAT size = 10916
zc = 9 zm = 8 zs = 1 f = 0
zc = 1 zm = 8 zs = 2 f = 0
zc = 9 zm = 8 zs = 3 f = 0
zc = 9 zm = 8 zs = 0 f = 5
zc = 9 zm = 8 zs = 1 f = 5
zc = 1 zm = 8 zs = 2 f = 5
zc = 9 zm = 8 zs = 3 f = 5
Selecting parameters:
zc = 9 zm = 8 zs = 0 f = 0 IDAT size = 10916
Output IDAT size = 10916 bytes (1124 bytes decrease)
Output file size = 10994 bytes (1916 bytes = 14.84% decrease)
Quitting from o2geosocial.Rmd:360-370 [import_sf_file]
~~~~~~~~~~~~~~~~~~~~~~~~~~~~~~~~~~~~~~~~~~~~~~~~~~~~~~~~~~~~~~~~~~~~~~~~~~~~~~~~
<error/rlang_error>
Error:
! Cannot open "/home/hornik/tmp/scratch/Rtmp6j9W3m"; The source could be corrupt or not supported. See `st_drivers()` for a list of supported formats.
---
Backtrace:
▆
1. └─tigris::tracts(state = "Ohio", class = "sf", progress_bar = FALSE)
2. └─tigris:::load_tiger(url, tigris_type = "tract", ...)
3. ├─sf::st_read(...)
4. └─sf:::st_read.character(...)
5. └─sf:::CPL_read_ogr(...)
~~~~~~~~~~~~~~~~~~~~~~~~~~~~~~~~~~~~~~~~~~~~~~~~~~~~~~~~~~~~~~~~~~~~~~~~~~~~~~~~
Error: processing vignette 'o2geosocial.Rmd' failed with diagnostics:
Cannot open "/home/hornik/tmp/scratch/Rtmp6j9W3m"; The source could be corrupt or not supported. See `st_drivers()` for a list of supported formats.
--- failed re-building ‘o2geosocial.Rmd’
SUMMARY: processing the following file failed:
‘o2geosocial.Rmd’
Error: Vignette re-building failed.
Execution halted
Flavor: r-patched-linux-x86_64
These binaries (installable software) and packages are in development.
They may not be fully stable and should be used with caution. We make no claims about them.
Health stats visible at Monitor.