Last updated on 2025-05-03 22:50:02 CEST.
Flavor | Version | Tinstall | Tcheck | Ttotal | Status | Flags |
---|---|---|---|---|---|---|
r-devel-linux-x86_64-debian-clang | 1.0.2 | 1.65 | 19.33 | 20.98 | NOTE | |
r-devel-linux-x86_64-debian-gcc | 1.0.2 | 1.44 | 16.48 | 17.92 | NOTE | |
r-devel-linux-x86_64-fedora-clang | 1.0.2 | 31.30 | OK | |||
r-devel-linux-x86_64-fedora-gcc | 1.0.2 | 31.86 | OK | |||
r-devel-windows-x86_64 | 1.0.2 | 3.00 | 40.00 | 43.00 | OK | |
r-patched-linux-x86_64 | 1.0.2 | 1.79 | 17.55 | 19.34 | OK | |
r-release-linux-x86_64 | OK | |||||
r-release-macos-arm64 | 1.0.2 | 34.00 | OK | |||
r-release-macos-x86_64 | 1.0.2 | 46.00 | OK | |||
r-release-windows-x86_64 | 1.0.2 | 2.00 | 41.00 | 43.00 | OK | |
r-oldrel-macos-arm64 | 1.0.2 | 31.00 | OK | |||
r-oldrel-macos-x86_64 | 1.0.2 | 45.00 | OK | |||
r-oldrel-windows-x86_64 | 1.0.2 | 4.00 | 45.00 | 49.00 | OK |
Version: 1.0.2
Check: DESCRIPTION meta-information
Result: NOTE
Author field differs from that derived from Authors@R
Author: ‘Chris Hartgerink [rev] (<https://orcid.org/0000-0003-1050-6809>), Ulysse Boucherie [ctb] (https://www.linkedin.com/in/ulysse-boucherie-7a3b2b111/), Joshua W. Lambert [ctb] (<https://orcid.org/0000-0001-5218-3046>), Karim Mané [ctb] (<https://orcid.org/0000-0002-9892-2999>), Hugo Gruson [aut] (<https://orcid.org/0000-0002-4094-1476>), Bankole Ahadzie [aut, cre], London School of Hygiene and Tropical Medicine, LSHTM [cph] (00a0jsq62)’
Authors@R: ‘Chris Hartgerink [rev] (ORCID: <https://orcid.org/0000-0003-1050-6809>), Ulysse Boucherie [ctb] (https://www.linkedin.com/in/ulysse-boucherie-7a3b2b111/), Joshua W. Lambert [ctb] (ORCID: <https://orcid.org/0000-0001-5218-3046>), Karim Mané [ctb] (ORCID: <https://orcid.org/0000-0002-9892-2999>), Hugo Gruson [aut] (ORCID: <https://orcid.org/0000-0002-4094-1476>), Bankole Ahadzie [aut, cre], London School of Hygiene and Tropical Medicine, LSHTM [cph] (ROR: <https://ror.org/00a0jsq62>)’
Flavors: r-devel-linux-x86_64-debian-clang, r-devel-linux-x86_64-debian-gcc
These binaries (installable software) and packages are in development.
They may not be fully stable and should be used with caution. We make no claims about them.
Health stats visible at Monitor.