Last updated on 2025-05-15 09:52:36 CEST.
Flavor | Version | Tinstall | Tcheck | Ttotal | Status | Flags |
---|---|---|---|---|---|---|
r-devel-linux-x86_64-debian-clang | 1.5.3 | 11.39 | 122.08 | 133.47 | ERROR | |
r-devel-linux-x86_64-debian-gcc | 1.5.3 | 8.73 | 90.49 | 99.22 | ERROR | |
r-devel-linux-x86_64-fedora-clang | 1.5.3 | 204.42 | ERROR | |||
r-devel-linux-x86_64-fedora-gcc | 1.5.3 | 117.51 | ERROR | |||
r-devel-windows-x86_64 | 1.5.3 | 14.00 | 128.00 | 142.00 | ERROR | |
r-patched-linux-x86_64 | 1.5.3 | 11.62 | 112.07 | 123.69 | ERROR | |
r-release-linux-x86_64 | 1.5.3 | 11.39 | 113.11 | 124.50 | ERROR | |
r-release-macos-arm64 | 1.5.3 | 71.00 | OK | |||
r-release-macos-x86_64 | 1.5.3 | 228.00 | OK | |||
r-release-windows-x86_64 | 1.5.3 | 14.00 | 130.00 | 144.00 | ERROR | |
r-oldrel-macos-arm64 | 1.5.3 | 82.00 | OK | |||
r-oldrel-macos-x86_64 | 1.5.3 | 155.00 | OK | |||
r-oldrel-windows-x86_64 | 1.5.3 | 16.00 | 162.00 | 178.00 | OK |
Version: 1.5.3
Check: examples
Result: ERROR
Running examples in ‘nser-Ex.R’ failed
The error most likely occurred in:
> base::assign(".ptime", proc.time(), pos = "CheckExEnv")
> ### Name: fobhav
> ### Title: Futures and Options Bhavcopy from NSE
> ### Aliases: fobhav
>
> ### ** Examples
>
> report = fobhav("01072021") # Download F&O bhavcopy for 01 July 2021
trying URL 'https://archives.nseindia.com/content/historical/DERIVATIVES/2021/JUL/fo01JUL2021bhav.csv.zip'
Warning in download.file(bhavurl, temp) :
cannot open URL 'https://archives.nseindia.com/content/historical/DERIVATIVES/2021/JUL/fo01JUL2021bhav.csv.zip': HTTP status was '403 Forbidden'
Error in download.file(bhavurl, temp) :
cannot open URL 'https://archives.nseindia.com/content/historical/DERIVATIVES/2021/JUL/fo01JUL2021bhav.csv.zip'
Calls: fobhav -> download.file
Execution halted
Flavors: r-devel-linux-x86_64-debian-clang, r-devel-linux-x86_64-debian-gcc, r-patched-linux-x86_64, r-release-linux-x86_64
Version: 1.5.3
Check: re-building of vignette outputs
Result: ERROR
Error(s) in re-building vignettes:
...
--- re-building ‘bhav.Rmd’ using rmarkdown
--- finished re-building ‘bhav.Rmd’
--- re-building ‘bhav1.Rmd’ using rmarkdown
--- finished re-building ‘bhav1.Rmd’
--- re-building ‘bhavfos.Rmd’ using rmarkdown
--- finished re-building ‘bhavfos.Rmd’
--- re-building ‘bhavpr.Rmd’ using rmarkdown
--- finished re-building ‘bhavpr.Rmd’
--- re-building ‘bhavs.Rmd’ using rmarkdown
--- finished re-building ‘bhavs.Rmd’
--- re-building ‘bhavtoday.Rmd’ using rmarkdown
--- finished re-building ‘bhavtoday.Rmd’
--- re-building ‘dailydata.Rmd’ using rmarkdown
--- finished re-building ‘dailydata.Rmd’
--- re-building ‘daytomonth.Rmd’ using rmarkdown
--- finished re-building ‘daytomonth.Rmd’
--- re-building ‘daytoweek.Rmd’ using rmarkdown
--- finished re-building ‘daytoweek.Rmd’
--- re-building ‘fdii.Rmd’ using rmarkdown
--- finished re-building ‘fdii.Rmd’
--- re-building ‘fobhav.Rmd’ using rmarkdown
trying URL 'https://archives.nseindia.com/content/historical/DERIVATIVES/2021/JUL/fo01JUL2021bhav.csv.zip'
Quitting from fobhav.Rmd:22-27 [example]
~~~~~~~~~~~~~~~~~~~~~~~~~~~~~~~~~~~~~~~~~~~~~~~~~~~~~~~~~~~~~~~~~~~~~~~~~~~~~~~~
<error/rlang_error>
Error in `download.file()`:
! cannot open URL 'https://archives.nseindia.com/content/historical/DERIVATIVES/2021/JUL/fo01JUL2021bhav.csv.zip'
---
Backtrace:
▆
1. └─nser::fobhav("01072021")
2. └─utils::download.file(bhavurl, temp)
~~~~~~~~~~~~~~~~~~~~~~~~~~~~~~~~~~~~~~~~~~~~~~~~~~~~~~~~~~~~~~~~~~~~~~~~~~~~~~~~
Error: processing vignette 'fobhav.Rmd' failed with diagnostics:
cannot open URL 'https://archives.nseindia.com/content/historical/DERIVATIVES/2021/JUL/fo01JUL2021bhav.csv.zip'
--- failed re-building ‘fobhav.Rmd’
--- re-building ‘fobhavtoday.Rmd’ using rmarkdown
--- finished re-building ‘fobhavtoday.Rmd’
--- re-building ‘nseindex.Rmd’ using rmarkdown
--- finished re-building ‘nseindex.Rmd’
--- re-building ‘nseipo.Rmd’ using rmarkdown
--- finished re-building ‘nseipo.Rmd’
--- re-building ‘nselive.Rmd’ using rmarkdown
--- finished re-building ‘nselive.Rmd’
--- re-building ‘nseopen.Rmd’ using rmarkdown
--- finished re-building ‘nseopen.Rmd’
--- re-building ‘nsetree.Rmd’ using rmarkdown
--- finished re-building ‘nsetree.Rmd’
--- re-building ‘optbanknifty.Rmd’ using rmarkdown
--- finished re-building ‘optbanknifty.Rmd’
--- re-building ‘optnifty.Rmd’ using rmarkdown
--- finished re-building ‘optnifty.Rmd’
SUMMARY: processing the following file failed:
‘fobhav.Rmd’
Error: Vignette re-building failed.
Execution halted
Flavors: r-devel-linux-x86_64-debian-clang, r-devel-linux-x86_64-debian-gcc, r-patched-linux-x86_64, r-release-linux-x86_64
Version: 1.5.3
Check: examples
Result: ERROR
Running examples in ‘nser-Ex.R’ failed
The error most likely occurred in:
> ### Name: fobhav
> ### Title: Futures and Options Bhavcopy from NSE
> ### Aliases: fobhav
>
> ### ** Examples
>
> report = fobhav("01072021") # Download F&O bhavcopy for 01 July 2021
trying URL 'https://archives.nseindia.com/content/historical/DERIVATIVES/2021/JUL/fo01JUL2021bhav.csv.zip'
Warning in download.file(bhavurl, temp) :
downloaded length 0 != reported length 466
Warning in download.file(bhavurl, temp) :
cannot open URL 'https://archives.nseindia.com/content/historical/DERIVATIVES/2021/JUL/fo01JUL2021bhav.csv.zip': HTTP status was '403 Forbidden'
Error in download.file(bhavurl, temp) :
cannot open URL 'https://archives.nseindia.com/content/historical/DERIVATIVES/2021/JUL/fo01JUL2021bhav.csv.zip'
Calls: fobhav -> download.file
Execution halted
Flavors: r-devel-linux-x86_64-fedora-clang, r-devel-linux-x86_64-fedora-gcc
Version: 1.5.3
Check: re-building of vignette outputs
Result: ERROR
Error(s) in re-building vignettes:
--- re-building ‘bhav.Rmd’ using rmarkdown
--- finished re-building ‘bhav.Rmd’
--- re-building ‘bhav1.Rmd’ using rmarkdown
--- finished re-building ‘bhav1.Rmd’
--- re-building ‘bhavfos.Rmd’ using rmarkdown
--- finished re-building ‘bhavfos.Rmd’
--- re-building ‘bhavpr.Rmd’ using rmarkdown
--- finished re-building ‘bhavpr.Rmd’
--- re-building ‘bhavs.Rmd’ using rmarkdown
--- finished re-building ‘bhavs.Rmd’
--- re-building ‘bhavtoday.Rmd’ using rmarkdown
--- finished re-building ‘bhavtoday.Rmd’
--- re-building ‘dailydata.Rmd’ using rmarkdown
--- finished re-building ‘dailydata.Rmd’
--- re-building ‘daytomonth.Rmd’ using rmarkdown
--- finished re-building ‘daytomonth.Rmd’
--- re-building ‘daytoweek.Rmd’ using rmarkdown
--- finished re-building ‘daytoweek.Rmd’
--- re-building ‘fdii.Rmd’ using rmarkdown
--- finished re-building ‘fdii.Rmd’
--- re-building ‘fobhav.Rmd’ using rmarkdown
trying URL 'https://archives.nseindia.com/content/historical/DERIVATIVES/2021/JUL/fo01JUL2021bhav.csv.zip'
Quitting from fobhav.Rmd:22-27 [example]
~~~~~~~~~~~~~~~~~~~~~~~~~~~~~~~~~~~~~~~~~~~~~~~~~~~~~~~~~~~~~~~~~~~~~~~~~~~~~~~~
<error/rlang_error>
Error in `download.file()`:
! cannot open URL 'https://archives.nseindia.com/content/historical/DERIVATIVES/2021/JUL/fo01JUL2021bhav.csv.zip'
---
Backtrace:
▆
1. └─nser::fobhav("01072021")
2. └─utils::download.file(bhavurl, temp)
~~~~~~~~~~~~~~~~~~~~~~~~~~~~~~~~~~~~~~~~~~~~~~~~~~~~~~~~~~~~~~~~~~~~~~~~~~~~~~~~
Error: processing vignette 'fobhav.Rmd' failed with diagnostics:
cannot open URL 'https://archives.nseindia.com/content/historical/DERIVATIVES/2021/JUL/fo01JUL2021bhav.csv.zip'
--- failed re-building ‘fobhav.Rmd’
--- re-building ‘fobhavtoday.Rmd’ using rmarkdown
--- finished re-building ‘fobhavtoday.Rmd’
--- re-building ‘nseindex.Rmd’ using rmarkdown
--- finished re-building ‘nseindex.Rmd’
--- re-building ‘nseipo.Rmd’ using rmarkdown
--- finished re-building ‘nseipo.Rmd’
--- re-building ‘nselive.Rmd’ using rmarkdown
--- finished re-building ‘nselive.Rmd’
--- re-building ‘nseopen.Rmd’ using rmarkdown
--- finished re-building ‘nseopen.Rmd’
--- re-building ‘nsetree.Rmd’ using rmarkdown
--- finished re-building ‘nsetree.Rmd’
--- re-building ‘optbanknifty.Rmd’ using rmarkdown
--- finished re-building ‘optbanknifty.Rmd’
--- re-building ‘optnifty.Rmd’ using rmarkdown
--- finished re-building ‘optnifty.Rmd’
SUMMARY: processing the following file failed:
‘fobhav.Rmd’
Error: Vignette re-building failed.
Execution halted
Flavors: r-devel-linux-x86_64-fedora-clang, r-devel-linux-x86_64-fedora-gcc, r-devel-windows-x86_64, r-release-windows-x86_64
Version: 1.5.3
Check: examples
Result: ERROR
Running examples in 'nser-Ex.R' failed
The error most likely occurred in:
> ### Name: fobhav
> ### Title: Futures and Options Bhavcopy from NSE
> ### Aliases: fobhav
>
> ### ** Examples
>
> report = fobhav("01072021") # Download F&O bhavcopy for 01 July 2021
trying URL 'https://archives.nseindia.com/content/historical/DERIVATIVES/2021/JUL/fo01JUL2021bhav.csv.zip'
Warning in download.file(bhavurl, temp) :
cannot open URL 'https://archives.nseindia.com/content/historical/DERIVATIVES/2021/JUL/fo01JUL2021bhav.csv.zip': HTTP status was '403 Forbidden'
Error in download.file(bhavurl, temp) :
cannot open URL 'https://archives.nseindia.com/content/historical/DERIVATIVES/2021/JUL/fo01JUL2021bhav.csv.zip'
Calls: fobhav -> download.file
Execution halted
Flavors: r-devel-windows-x86_64, r-release-windows-x86_64
These binaries (installable software) and packages are in development.
They may not be fully stable and should be used with caution. We make no claims about them.
Health stats visible at Monitor.