Last updated on 2025-05-03 22:50:02 CEST.
Flavor | Version | Tinstall | Tcheck | Ttotal | Status | Flags |
---|---|---|---|---|---|---|
r-devel-linux-x86_64-debian-clang | 1.21 | 16.51 | 73.02 | 89.53 | NOTE | |
r-devel-linux-x86_64-debian-gcc | 1.21 | 12.50 | 55.33 | 67.83 | NOTE | |
r-devel-linux-x86_64-fedora-clang | 1.21 | 145.72 | OK | |||
r-devel-linux-x86_64-fedora-gcc | 1.21 | 148.48 | OK | |||
r-devel-windows-x86_64 | 1.21 | 22.00 | 99.00 | 121.00 | NOTE | |
r-patched-linux-x86_64 | 1.21 | 17.15 | 68.47 | 85.62 | NOTE | |
r-release-linux-x86_64 | NOTE | |||||
r-release-macos-arm64 | 1.21 | 74.00 | OK | |||
r-release-macos-x86_64 | 1.21 | 90.00 | OK | |||
r-release-windows-x86_64 | 1.21 | 22.00 | 98.00 | 120.00 | NOTE | |
r-oldrel-macos-arm64 | 1.21 | 45.00 | OK | |||
r-oldrel-macos-x86_64 | 1.21 | 72.00 | OK | |||
r-oldrel-windows-x86_64 | 1.21 | 26.00 | 120.00 | 146.00 | OK |
Version: 1.21
Check: CRAN incoming feasibility
Result: NOTE
Maintainer: ‘Keven Bluteau <keven.bluteau@usherbrooke.ca>’
Package CITATION file contains call(s) to old-style personList() or
as.personList(). Please use c() on person objects instead.
Package CITATION file contains call(s) to old-style citEntry(). Please
use bibentry() instead.
Flavors: r-devel-linux-x86_64-debian-clang, r-devel-linux-x86_64-debian-gcc
Version: 1.21
Check: Rd cross-references
Result: NOTE
Found the following Rd file(s) with Rd \link{} targets missing package
anchors:
nse.andrews.Rd: sandwich
nse.boot.Rd: np
nse.geyer.Rd: mcmc, mcmcse
nse.hiruk.Rd: sandwich
nse.nw.Rd: sandwich
Please provide package anchors for all Rd \link{} targets not in the
package itself and the base packages.
Flavors: r-devel-linux-x86_64-debian-clang, r-devel-linux-x86_64-debian-gcc, r-devel-windows-x86_64, r-patched-linux-x86_64, r-release-linux-x86_64, r-release-windows-x86_64
These binaries (installable software) and packages are in development.
They may not be fully stable and should be used with caution. We make no claims about them.
Health stats visible at Monitor.