Last updated on 2025-02-23 19:51:14 CET.
Flavor | Version | Tinstall | Tcheck | Ttotal | Status | Flags |
---|---|---|---|---|---|---|
r-devel-linux-x86_64-debian-clang | 1.1 | 3.87 | 44.21 | 48.08 | NOTE | |
r-devel-linux-x86_64-debian-gcc | 1.1 | 3.04 | 28.96 | 32.00 | NOTE | |
r-devel-linux-x86_64-fedora-clang | 1.1 | 79.57 | NOTE | |||
r-devel-linux-x86_64-fedora-gcc | 1.1 | 73.83 | NOTE | |||
r-devel-macos-arm64 | 1.1 | 22.00 | NOTE | |||
r-devel-macos-x86_64 | 1.1 | 51.00 | NOTE | |||
r-devel-windows-x86_64 | 1.1 | 4.00 | 58.00 | 62.00 | NOTE | |
r-patched-linux-x86_64 | 1.1 | 4.54 | 41.51 | 46.05 | NOTE | |
r-release-linux-x86_64 | 1.1 | 4.16 | 41.32 | 45.48 | NOTE | |
r-release-macos-arm64 | 1.1 | 21.00 | NOTE | |||
r-release-macos-x86_64 | 1.1 | 40.00 | NOTE | |||
r-release-windows-x86_64 | 1.1 | 5.00 | 56.00 | 61.00 | NOTE | |
r-oldrel-macos-arm64 | 1.1 | 25.00 | OK | |||
r-oldrel-macos-x86_64 | 1.1 | 47.00 | OK | |||
r-oldrel-windows-x86_64 | 1.1 | 5.00 | 65.00 | 70.00 | OK |
Version: 1.1
Check: Rd files
Result: NOTE
checkRd: (-1) np.reg.test.Rd:148: Lost braces
148 | ter Braak, C. J. F. (1992). Permutation versus bootstrap significance tests in multiple regression and ANOVA. In K. H. J\"{o}ckel, G. Rothe, & W. Sendler (Eds.), Bootstrapping and related techniques. lecture notes in economics and mathematical systems, vol 376 (pp. 79-86). Springer.
| ^
checkRd: (-1) nptest-package.Rd:73: Lost braces
73 | ter Braak, C. J. F. (1992). Permutation versus bootstrap significance tests in multiple regression and ANOVA. In K. H. J\"{o}ckel, G. Rothe, & W. Sendler (Eds.), Bootstrapping and related techniques. lecture notes in economics and mathematical systems, vol 376 (pp. 79-86). Springer.
| ^
Flavors: r-devel-linux-x86_64-debian-clang, r-devel-linux-x86_64-debian-gcc, r-devel-linux-x86_64-fedora-clang, r-devel-linux-x86_64-fedora-gcc, r-devel-macos-arm64, r-devel-macos-x86_64, r-devel-windows-x86_64, r-patched-linux-x86_64, r-release-linux-x86_64, r-release-macos-arm64, r-release-macos-x86_64, r-release-windows-x86_64
These binaries (installable software) and packages are in development.
They may not be fully stable and should be used with caution. We make no claims about them.
Health stats visible at Monitor.