CRAN Package Check Results for Package nphPower

Last updated on 2025-05-15 11:50:08 CEST.

Flavor Version Tinstall Tcheck Ttotal Status Flags
r-devel-linux-x86_64-debian-clang 1.1.0 6.46 69.54 76.00 NOTE
r-devel-linux-x86_64-debian-gcc 1.1.0 5.68 50.24 55.92 NOTE
r-devel-linux-x86_64-fedora-clang 1.1.0 116.84 OK
r-devel-linux-x86_64-fedora-gcc 1.1.0 113.51 OK
r-devel-windows-x86_64 1.1.0 9.00 81.00 90.00 OK
r-patched-linux-x86_64 1.1.0 7.42 63.95 71.37 OK
r-release-linux-x86_64 1.1.0 8.03 64.57 72.60 OK
r-release-macos-arm64 1.1.0 37.00 OK
r-release-macos-x86_64 1.1.0 65.00 OK
r-release-windows-x86_64 1.1.0 9.00 83.00 92.00 OK
r-oldrel-macos-arm64 1.1.0 34.00 OK
r-oldrel-macos-x86_64 1.1.0 50.00 OK
r-oldrel-windows-x86_64 1.1.0 12.00 97.00 109.00 OK

Check Details

Version: 1.1.0
Check: CRAN incoming feasibility
Result: NOTE Maintainer: ‘Huan Cheng <hcheng1118@hotmail.com>’ The Description field contains Cheng and He (2021) <arXiv:2110.03833>. The references for sample size Please refer to arXiv e-prints via their arXiv DOI <doi:10.48550/arXiv.YYMM.NNNNN>. Flavors: r-devel-linux-x86_64-debian-clang, r-devel-linux-x86_64-debian-gcc

These binaries (installable software) and packages are in development.
They may not be fully stable and should be used with caution. We make no claims about them.
Health stats visible at Monitor.