Last updated on 2025-05-15 07:49:46 CEST.
Flavor | Version | Tinstall | Tcheck | Ttotal | Status | Flags |
---|---|---|---|---|---|---|
r-devel-linux-x86_64-debian-clang | 0.1-5 | 5.50 | 34.03 | 39.53 | NOTE | |
r-devel-linux-x86_64-debian-gcc | 0.1-5 | 4.66 | 26.65 | 31.31 | NOTE | |
r-devel-linux-x86_64-fedora-clang | 0.1-5 | 65.08 | OK | |||
r-devel-linux-x86_64-fedora-gcc | 0.1-5 | 65.69 | OK | |||
r-devel-windows-x86_64 | 0.1-5 | 13.00 | 60.00 | 73.00 | OK | |
r-patched-linux-x86_64 | 0.1-5 | 6.75 | 34.06 | 40.81 | OK | |
r-release-linux-x86_64 | 0.1-5 | 5.69 | 33.72 | 39.41 | OK | |
r-release-macos-arm64 | 0.1-5 | OK | ||||
r-release-macos-x86_64 | 0.1-5 | 50.00 | OK | |||
r-release-windows-x86_64 | 0.1-5 | 13.00 | 60.00 | 73.00 | OK | |
r-oldrel-macos-arm64 | 0.1-5 | 23.00 | OK | |||
r-oldrel-macos-x86_64 | 0.1-5 | 33.00 | OK | |||
r-oldrel-windows-x86_64 | 0.1-5 | 12.00 | 68.00 | 80.00 | OK |
Version: 0.1-5
Check: CRAN incoming feasibility
Result: NOTE
Maintainer: ‘Ignacio López-de-Ullibarri <ignacio.lopezdeullibarri@udc.es>’
Found the following URLs which should use \doi (with the DOI name only):
File ‘beran.Rd’:
https://doi.org/10.1093/biostatistics/kxx034
File ‘berancv.Rd’:
https://doi.org/10.1177/1471082X0700700404
https://doi.org/10.1093/biostatistics/kxx034
File ‘hpilot.Rd’:
https://doi.org/10.1080/10485259308832566
https://doi.org/10.1023/A:1014644700806
https://doi.org/10.1016/j.csda.2016.08.002
https://doi.org/10.1007/s11749-016-0515-1
File ‘latency.Rd’:
https://doi.org/10.1007/s11749-016-0515-1
File ‘latencyhboot.Rd’:
https://doi.org/10.1023/A:1014644700806
https://doi.org/10.1007/s11749-016-0515-1
File ‘npcure-package.Rd’:
https://doi.org/10.1016/j.csda.2016.08.002
https://doi.org/10.1007/s11749-016-0515-1
File ‘probcure.Rd’:
https://doi.org/10.1016/j.csda.2016.08.002
https://doi.org/10.1002/cjs.11197
File ‘probcurehboot.Rd’:
https://doi.org/10.1023/A:1014644700806
https://doi.org/10.1016/j.csda.2016.08.002
File ‘testmz.Rd’:
https://doi.org/10.1093/biomet/79.4.731
Flavors: r-devel-linux-x86_64-debian-clang, r-devel-linux-x86_64-debian-gcc
These binaries (installable software) and packages are in development.
They may not be fully stable and should be used with caution. We make no claims about them.
Health stats visible at Monitor.