Last updated on 2025-05-03 22:50:01 CEST.
Flavor | Version | Tinstall | Tcheck | Ttotal | Status | Flags |
---|---|---|---|---|---|---|
r-devel-linux-x86_64-debian-clang | 0.1.2.1 | 9.12 | 285.82 | 294.94 | NOTE | |
r-devel-linux-x86_64-debian-gcc | 0.1.2.1 | 6.54 | 235.16 | 241.70 | NOTE | |
r-devel-linux-x86_64-fedora-clang | 0.1.2.1 | 421.43 | OK | |||
r-devel-linux-x86_64-fedora-gcc | 0.1.2.1 | 487.45 | OK | |||
r-devel-windows-x86_64 | 0.1.2.1 | 10.00 | 331.00 | 341.00 | OK | |
r-patched-linux-x86_64 | 0.1.2.1 | 8.48 | 333.10 | 341.58 | OK | |
r-release-linux-x86_64 | OK | |||||
r-release-macos-arm64 | 0.1.2.1 | 198.00 | OK | |||
r-release-macos-x86_64 | 0.1.2.1 | 435.00 | OK | |||
r-release-windows-x86_64 | 0.1.2.1 | 9.00 | 331.00 | 340.00 | OK | |
r-oldrel-macos-arm64 | 0.1.2.1 | 215.00 | OK | |||
r-oldrel-macos-x86_64 | 0.1.2.1 | 312.00 | OK | |||
r-oldrel-windows-x86_64 | 0.1.2.1 | 13.00 | 492.00 | 505.00 | OK |
Version: 0.1.2.1
Check: CRAN incoming feasibility
Result: NOTE
Maintainer: ‘Christina Heinze-Deml <heinzedeml@stat.math.ethz.ch>’
No Authors@R field in DESCRIPTION.
Please add one, modifying
Authors@R: c(person(given = "Christina",
family = "Heinze-Deml",
role = c("aut", "cre"),
email = "heinzedeml@stat.math.ethz.ch"),
person(given = "Jonas",
family = "Peters",
role = "aut",
email = "jonas.peters@math.ku.dk"))
as necessary.
Package CITATION file contains call(s) to old-style personList() or
as.personList(). Please use c() on person objects instead.
Package CITATION file contains call(s) to old-style citEntry(). Please
use bibentry() instead.
The Description field contains
<arXiv:1501.01332>, to nonlinear settings. For more details, see C.
for Nonlinear Models', <arXiv:1706.08576>.
Please refer to arXiv e-prints via their arXiv DOI <doi:10.48550/arXiv.YYMM.NNNNN>.
Flavors: r-devel-linux-x86_64-debian-clang, r-devel-linux-x86_64-debian-gcc
These binaries (installable software) and packages are in development.
They may not be fully stable and should be used with caution. We make no claims about them.
Health stats visible at Monitor.