Last updated on 2025-05-15 11:50:08 CEST.
Flavor | Version | Tinstall | Tcheck | Ttotal | Status | Flags |
---|---|---|---|---|---|---|
r-devel-linux-x86_64-debian-clang | 3.0 | 10.85 | 93.56 | 104.41 | NOTE | |
r-devel-linux-x86_64-debian-gcc | 3.0 | 9.02 | 69.17 | 78.19 | NOTE | |
r-devel-linux-x86_64-fedora-clang | 3.0 | 165.48 | OK | |||
r-devel-linux-x86_64-fedora-gcc | 3.0 | 155.86 | OK | |||
r-devel-windows-x86_64 | 3.0 | 12.00 | 95.00 | 107.00 | OK | |
r-patched-linux-x86_64 | 3.0 | 10.57 | 87.10 | 97.67 | OK | |
r-release-linux-x86_64 | 3.0 | 12.07 | 87.52 | 99.59 | OK | |
r-release-macos-arm64 | 3.0 | 43.00 | OK | |||
r-release-macos-x86_64 | 3.0 | 78.00 | OK | |||
r-release-windows-x86_64 | 3.0 | 12.00 | 95.00 | 107.00 | OK | |
r-oldrel-macos-arm64 | 3.0 | 43.00 | NOTE | |||
r-oldrel-macos-x86_64 | 3.0 | 64.00 | NOTE | |||
r-oldrel-windows-x86_64 | 3.0 | 18.00 | 122.00 | 140.00 | NOTE |
Version: 3.0
Check: CRAN incoming feasibility
Result: NOTE
Maintainer: ‘Zhicheng Du<dgdzc@hotmail.com>’
No Authors@R field in DESCRIPTION.
Please add one, modifying
Authors@R: c(person(given = "Zhicheng",
family = "Du",
role = c("aut", "cre"),
email = "dgdzc@hotmail.com"),
person(given = "Yuantao",
family = "Hao",
role = "aut"))
as necessary.
Found the following \keyword or \concept entries
which likely give several index terms:
File ‘nomogramEx.Rd’:
\keyword{nomogram, survival probability}
Flavors: r-devel-linux-x86_64-debian-clang, r-devel-linux-x86_64-debian-gcc
Version: 3.0
Check: LazyData
Result: NOTE
'LazyData' is specified without a 'data' directory
Flavors: r-oldrel-macos-arm64, r-oldrel-macos-x86_64, r-oldrel-windows-x86_64
These binaries (installable software) and packages are in development.
They may not be fully stable and should be used with caution. We make no claims about them.
Health stats visible at Monitor.