CRAN Package Check Results for Package noisySBM

Last updated on 2025-05-15 09:52:35 CEST.

Flavor Version Tinstall Tcheck Ttotal Status Flags
r-devel-linux-x86_64-debian-clang 0.1.4 4.81 42.60 47.41 NOTE
r-devel-linux-x86_64-debian-gcc 0.1.4 3.04 32.86 35.90 NOTE
r-devel-linux-x86_64-fedora-clang 0.1.4 74.13 OK
r-devel-linux-x86_64-fedora-gcc 0.1.4 86.70 OK
r-devel-windows-x86_64 0.1.4 6.00 79.00 85.00 OK
r-patched-linux-x86_64 0.1.4 4.68 40.35 45.03 OK
r-release-linux-x86_64 0.1.4 4.31 40.21 44.52 OK
r-release-macos-arm64 0.1.4 32.00 OK
r-release-macos-x86_64 0.1.4 55.00 OK
r-release-windows-x86_64 0.1.4 6.00 91.00 97.00 OK
r-oldrel-macos-arm64 0.1.4 30.00 OK
r-oldrel-macos-x86_64 0.1.4 45.00 OK
r-oldrel-windows-x86_64 0.1.4 7.00 87.00 94.00 OK

Check Details

Version: 0.1.4
Check: CRAN incoming feasibility
Result: NOTE Maintainer: ‘Tabea Rebafka <tabea.rebafka@sorbonne-universite.fr>’ The Description field contains Roquain, F. Villers (2020) <arXiv:1907.10176>. Please refer to arXiv e-prints via their arXiv DOI <doi:10.48550/arXiv.YYMM.NNNNN>. Flavors: r-devel-linux-x86_64-debian-clang, r-devel-linux-x86_64-debian-gcc

These binaries (installable software) and packages are in development.
They may not be fully stable and should be used with caution. We make no claims about them.
Health stats visible at Monitor.