CRAN Package Check Results for Package node2vec

Last updated on 2025-05-17 15:50:50 CEST.

Flavor Version Tinstall Tcheck Ttotal Status Flags
r-devel-linux-x86_64-debian-clang 0.1.0 9.96 77.63 87.59 NOTE
r-devel-linux-x86_64-debian-gcc 0.1.0 8.06 55.11 63.17 NOTE
r-devel-linux-x86_64-fedora-clang 0.1.0 133.69 OK
r-devel-linux-x86_64-fedora-gcc 0.1.0 129.30 OK
r-devel-windows-x86_64 0.1.0 11.00 87.00 98.00 OK
r-patched-linux-x86_64 0.1.0 10.00 72.02 82.02 OK
r-release-linux-x86_64 0.1.0 10.21 72.37 82.58 OK
r-release-macos-arm64 0.1.0 40.00 OK
r-release-macos-x86_64 0.1.0 69.00 OK
r-release-windows-x86_64 0.1.0 12.00 89.00 101.00 OK
r-oldrel-macos-arm64 0.1.0 39.00 OK
r-oldrel-macos-x86_64 0.1.0 59.00 OK
r-oldrel-windows-x86_64 0.1.0 14.00 105.00 119.00 OK

Check Details

Version: 0.1.0
Check: CRAN incoming feasibility
Result: NOTE Maintainer: ‘Yang Tian <tianyang1211@126.com>’ The Description field contains Grover, Jure Leskovec(2016),available at <arXiv:1607.00653>. Please refer to arXiv e-prints via their arXiv DOI <doi:10.48550/arXiv.YYMM.NNNNN>. Flavors: r-devel-linux-x86_64-debian-clang, r-devel-linux-x86_64-debian-gcc

These binaries (installable software) and packages are in development.
They may not be fully stable and should be used with caution. We make no claims about them.
Health stats visible at Monitor.