Last updated on 2024-05-02 13:50:06 CEST.
Flavor | Version | Tinstall | Tcheck | Ttotal | Status | Flags |
---|---|---|---|---|---|---|
r-devel-linux-x86_64-debian-clang | 0.1.1 | 43.16 | 66.82 | 109.98 | NOTE | |
r-devel-linux-x86_64-debian-gcc | 0.1.1 | 38.71 | 50.03 | 88.74 | NOTE | |
r-devel-linux-x86_64-fedora-clang | 0.1.1 | 160.41 | NOTE | |||
r-devel-linux-x86_64-fedora-gcc | 0.1.1 | 178.01 | NOTE | |||
r-devel-windows-x86_64 | 0.1.1 | 37.00 | 98.00 | 135.00 | NOTE | |
r-patched-linux-x86_64 | 0.1.1 | 43.57 | 62.06 | 105.63 | NOTE | |
r-release-linux-x86_64 | 0.1.1 | 41.39 | 63.28 | 104.67 | NOTE | |
r-release-macos-arm64 | 0.1.1 | 47.00 | NOTE | |||
r-release-macos-x86_64 | 0.1.1 | 117.00 | NOTE | |||
r-release-windows-x86_64 | 0.1.1 | 39.00 | 106.00 | 145.00 | NOTE | |
r-oldrel-macos-arm64 | 0.1.1 | 52.00 | NOTE | |||
r-oldrel-macos-x86_64 | 0.1.1 | 124.00 | NOTE | |||
r-oldrel-windows-x86_64 | 0.1.1 | 46.00 | 112.00 | 158.00 | NOTE |
Version: 0.1.1
Check: C++ specification
Result: NOTE
Specified C++14: please drop specification unless essential
Flavors: r-devel-linux-x86_64-debian-clang, r-devel-linux-x86_64-debian-gcc, r-devel-linux-x86_64-fedora-clang, r-devel-linux-x86_64-fedora-gcc, r-devel-windows-x86_64, r-patched-linux-x86_64, r-release-linux-x86_64, r-release-macos-arm64, r-release-macos-x86_64, r-release-windows-x86_64, r-oldrel-macos-arm64, r-oldrel-macos-x86_64, r-oldrel-windows-x86_64
Version: 0.1.1
Check: HTML version of manual
Result: NOTE
Found the following HTML validation problems:
nn2poly.html:129:1 (nn2poly.Rd:75): Warning: trimming empty <li>
nn2poly.html:128:1 (nn2poly.Rd:75): Warning: trimming empty <ol>
Flavors: r-devel-linux-x86_64-debian-clang, r-devel-linux-x86_64-debian-gcc, r-devel-linux-x86_64-fedora-clang, r-devel-linux-x86_64-fedora-gcc, r-devel-windows-x86_64, r-patched-linux-x86_64, r-release-linux-x86_64, r-release-windows-x86_64
These binaries (installable software) and packages are in development.
They may not be fully stable and should be used with caution. We make no claims about them.
Health stats visible at Monitor.