Last updated on 2025-10-31 05:48:48 CET.
| Flavor | Version | Tinstall | Tcheck | Ttotal | Status | Flags | 
|---|---|---|---|---|---|---|
| r-devel-linux-x86_64-debian-clang | 1.1.0 | 2.46 | 35.58 | 38.04 | NOTE | |
| r-devel-linux-x86_64-debian-gcc | 1.1.0 | 1.95 | 28.43 | 30.38 | NOTE | |
| r-devel-linux-x86_64-fedora-clang | 1.1.0 | 109.47 | OK | |||
| r-devel-linux-x86_64-fedora-gcc | 1.1.0 | 121.35 | OK | |||
| r-devel-windows-x86_64 | 1.1.0 | 4.00 | 75.00 | 79.00 | OK | |
| r-patched-linux-x86_64 | 1.1.0 | 2.97 | 34.03 | 37.00 | OK | |
| r-release-linux-x86_64 | 1.1.0 | 2.19 | 33.88 | 36.07 | OK | |
| r-release-macos-arm64 | 1.1.0 | 2.00 | 35.00 | 37.00 | OK | |
| r-release-macos-x86_64 | 1.1.0 | 3.00 | 63.00 | 66.00 | OK | |
| r-release-windows-x86_64 | 1.1.0 | 6.00 | 78.00 | 84.00 | OK | |
| r-oldrel-macos-arm64 | 1.1.0 | 1.00 | 26.00 | 27.00 | NOTE | |
| r-oldrel-macos-x86_64 | 1.1.0 | 4.00 | 76.00 | 80.00 | NOTE | |
| r-oldrel-windows-x86_64 | 1.1.0 | 4.00 | 87.00 | 91.00 | OK | 
Version: 1.1.0
Check: CRAN incoming feasibility
Result: NOTE
  Maintainer: ‘Burak Kuersad Guenhan <burakgunhan@gmail.com>’
  
  Package CITATION file contains call(s) to old-style personList() or
  as.personList().  Please use c() on person objects instead.
  Package CITATION file contains call(s) to old-style citEntry().  Please
  use bibentry() instead.
Flavors: r-devel-linux-x86_64-debian-clang, r-devel-linux-x86_64-debian-gcc
Version: 1.1.0
Check: package dependencies
Result: NOTE
  Package suggested but not available for checking: ‘INLA’
Flavors: r-oldrel-macos-arm64, r-oldrel-macos-x86_64
These binaries (installable software) and packages are in development.
They may not be fully stable and should be used with caution. We make no claims about them.
Health stats visible at Monitor.