CRAN Package Check Results for Package nlmixr2est

Last updated on 2025-07-17 13:50:12 CEST.

Flavor Version Tinstall Tcheck Ttotal Status Flags
r-devel-linux-x86_64-debian-clang 3.0.4 289.34 439.44 728.78 OK
r-devel-linux-x86_64-debian-gcc 4.0.0 224.03 300.96 524.99 OK
r-devel-linux-x86_64-fedora-clang 4.0.0 1344.01 OK
r-devel-linux-x86_64-fedora-gcc 4.0.0 1344.60 OK
r-devel-windows-x86_64 3.0.4 331.00 580.00 911.00 OK
r-patched-linux-x86_64 3.0.4 310.79 410.37 721.16 OK
r-release-linux-x86_64 3.0.4 294.45 416.81 711.26 OK
r-release-macos-arm64 3.0.4 312.00 OK
r-release-macos-x86_64 4.0.0 388.00 OK
r-release-windows-x86_64 4.0.0 286.00 468.00 754.00 OK
r-oldrel-macos-arm64 3.0.4 261.00 NOTE
r-oldrel-macos-x86_64 4.0.0 394.00 NOTE
r-oldrel-windows-x86_64 3.0.4 397.00 710.00 1107.00 OK

Additional issues

valgrind

Check Details

Version: 3.0.4
Check: installed package size
Result: NOTE installed size is 20.9Mb sub-directories of 1Mb or more: libs 19.3Mb Flavor: r-oldrel-macos-arm64

Version: 4.0.0
Check: installed package size
Result: NOTE installed size is 20.7Mb sub-directories of 1Mb or more: R 1.0Mb libs 19.1Mb Flavor: r-oldrel-macos-x86_64

These binaries (installable software) and packages are in development.
They may not be fully stable and should be used with caution. We make no claims about them.
Health stats visible at Monitor.