CRAN Package Check Results for Package nlmixr2est

Last updated on 2025-02-23 19:51:14 CET.

Flavor Version Tinstall Tcheck Ttotal Status Flags
r-devel-linux-x86_64-debian-clang 3.0.4 295.36 428.33 723.69 OK
r-devel-linux-x86_64-debian-gcc 3.0.4 214.48 289.25 503.73 OK
r-devel-linux-x86_64-fedora-clang 3.0.4 1404.82 OK
r-devel-linux-x86_64-fedora-gcc 3.0.4 1395.62 OK
r-devel-macos-arm64 3.0.3 306.00 OK
r-devel-macos-x86_64 3.0.4 383.00 OK
r-devel-windows-x86_64 3.0.3 253.00 502.00 755.00 OK
r-patched-linux-x86_64 3.0.4 300.61 406.23 706.84 OK
r-release-linux-x86_64 3.0.4 310.93 408.06 718.99 OK
r-release-macos-arm64 3.0.3 330.00 NOTE
r-release-macos-x86_64 3.0.4 489.00 NOTE
r-release-windows-x86_64 3.0.4 252.00 468.00 720.00 OK
r-oldrel-macos-arm64 3.0.2 283.00 NOTE
r-oldrel-macos-x86_64 3.0.4 570.00 NOTE
r-oldrel-windows-x86_64 3.0.4 385.00 666.00 1051.00 OK

Check Details

Version: 3.0.3
Check: installed package size
Result: NOTE installed size is 21.6Mb sub-directories of 1Mb or more: R 1.0Mb libs 20.0Mb Flavor: r-release-macos-arm64

Version: 3.0.4
Check: installed package size
Result: NOTE installed size is 20.5Mb sub-directories of 1Mb or more: R 1.0Mb libs 18.9Mb Flavors: r-release-macos-x86_64, r-oldrel-macos-x86_64

Version: 3.0.2
Check: installed package size
Result: NOTE installed size is 21.6Mb sub-directories of 1Mb or more: libs 20.0Mb Flavor: r-oldrel-macos-arm64

These binaries (installable software) and packages are in development.
They may not be fully stable and should be used with caution. We make no claims about them.
Health stats visible at Monitor.