CRAN Package Check Results for Package nlme

Last updated on 2025-07-17 17:50:21 CEST.

Flavor Version Tinstall Tcheck Ttotal Status Flags
r-devel-linux-x86_64-debian-clang 3.1-168 28.68 227.23 255.91 NOTE
r-devel-linux-x86_64-debian-gcc 3.1-168 18.88 149.03 167.91 NOTE
r-devel-linux-x86_64-fedora-clang 3.1-168 423.49 OK
r-devel-linux-x86_64-fedora-gcc 3.1-168 385.00 OK
r-devel-windows-x86_64 3.1-168 37.00 291.00 328.00 OK
r-patched-linux-x86_64 3.1-168 33.62 210.51 244.13 OK
r-release-linux-x86_64 3.1-168 25.00 210.81 235.81 OK
r-release-macos-arm64 3.1-168 101.00 OK
r-release-macos-x86_64 3.1-168 226.00 OK
r-release-windows-x86_64 3.1-168 40.00 290.00 330.00 OK
r-oldrel-macos-arm64 3.1-168 103.00 OK
r-oldrel-macos-x86_64 3.1-168 278.00 OK
r-oldrel-windows-x86_64 3.1-168 52.00 349.00 401.00 OK

Check Details

Version: 3.1-168
Check: DESCRIPTION meta-information
Result: NOTE Author field differs from that derived from Authors@R Author: ‘José Pinheiro [aut] (S version), Douglas Bates [aut] (up to 2007), Saikat DebRoy [ctb] (up to 2002), Deepayan Sarkar [ctb] (up to 2005), EISPACK authors [ctb] (src/rs.f), Siem Heisterkamp [ctb] (Author fixed sigma), Bert Van Willigen [ctb] (Programmer fixed sigma), Johannes Ranke [ctb] (varConstProp()), R Core Team [aut, cre] (02zz1nj61)’ Authors@R: ‘José Pinheiro [aut] (S version), Douglas Bates [aut] (up to 2007), Saikat DebRoy [ctb] (up to 2002), Deepayan Sarkar [ctb] (up to 2005), EISPACK authors [ctb] (src/rs.f), Siem Heisterkamp [ctb] (Author fixed sigma), Bert Van Willigen [ctb] (Programmer fixed sigma), Johannes Ranke [ctb] (varConstProp()), R Core Team [aut, cre] (ROR: <https://ror.org/02zz1nj61>)’ Flavors: r-devel-linux-x86_64-debian-clang, r-devel-linux-x86_64-debian-gcc

These binaries (installable software) and packages are in development.
They may not be fully stable and should be used with caution. We make no claims about them.
Health stats visible at Monitor.