CRAN Package Check Results for Package nlme

Last updated on 2025-11-01 11:48:41 CET.

Flavor Version Tinstall Tcheck Ttotal Status Flags
r-devel-linux-x86_64-debian-clang 3.1-168 28.23 233.23 261.46 NOTE
r-devel-linux-x86_64-debian-gcc 3.1-168 18.84 147.72 166.56 NOTE
r-devel-linux-x86_64-fedora-clang 3.1-168 57.00 335.59 392.59 OK
r-devel-linux-x86_64-fedora-gcc 3.1-168 57.00 328.89 385.89 OK
r-devel-windows-x86_64 3.1-168 42.00 285.00 327.00 OK
r-patched-linux-x86_64 3.1-168 34.27 217.73 252.00 OK
r-release-linux-x86_64 3.1-168 26.21 221.41 247.62 OK
r-release-macos-arm64 3.1-168 14.00 87.00 101.00 OK
r-release-macos-x86_64 3.1-168 38.00 188.00 226.00 OK
r-release-windows-x86_64 3.1-168 44.00 286.00 330.00 OK
r-oldrel-macos-arm64 3.1-168 15.00 88.00 103.00 OK
r-oldrel-macos-x86_64 3.1-168 31.00 247.00 278.00 OK
r-oldrel-windows-x86_64 3.1-168 53.00 345.00 398.00 OK

Check Details

Version: 3.1-168
Check: DESCRIPTION meta-information
Result: NOTE Author field differs from that derived from Authors@R Author: ‘José Pinheiro [aut] (S version), Douglas Bates [aut] (up to 2007), Saikat DebRoy [ctb] (up to 2002), Deepayan Sarkar [ctb] (up to 2005), EISPACK authors [ctb] (src/rs.f), Siem Heisterkamp [ctb] (Author fixed sigma), Bert Van Willigen [ctb] (Programmer fixed sigma), Johannes Ranke [ctb] (varConstProp()), R Core Team [aut, cre] (02zz1nj61)’ Authors@R: ‘José Pinheiro [aut] (S version), Douglas Bates [aut] (up to 2007), Saikat DebRoy [ctb] (up to 2002), Deepayan Sarkar [ctb] (up to 2005), EISPACK authors [ctb] (src/rs.f), Siem Heisterkamp [ctb] (Author fixed sigma), Bert Van Willigen [ctb] (Programmer fixed sigma), Johannes Ranke [ctb] (varConstProp()), R Core Team [aut, cre] (ROR: <https://ror.org/02zz1nj61>)’ Flavors: r-devel-linux-x86_64-debian-clang, r-devel-linux-x86_64-debian-gcc

These binaries (installable software) and packages are in development.
They may not be fully stable and should be used with caution. We make no claims about them.
Health stats visible at Monitor.