Last updated on 2024-05-02 08:01:49 CEST.
Flavor | Version | Tinstall | Tcheck | Ttotal | Status | Flags |
---|---|---|---|---|---|---|
r-devel-linux-x86_64-debian-clang | 0.11.0 | 16.67 | 95.93 | 112.60 | NOTE | |
r-devel-linux-x86_64-debian-gcc | 0.11.0 | 14.67 | 74.59 | 89.26 | NOTE | |
r-devel-linux-x86_64-fedora-clang | 0.11.0 | 146.28 | NOTE | |||
r-devel-linux-x86_64-fedora-gcc | 0.11.0 | 142.54 | NOTE | |||
r-devel-windows-x86_64 | 0.11.0 | 17.00 | 88.00 | 105.00 | NOTE | |
r-patched-linux-x86_64 | 0.11.0 | 16.80 | 93.47 | 110.27 | NOTE | |
r-release-linux-x86_64 | 0.11.0 | 19.46 | 91.50 | 110.96 | NOTE | |
r-release-macos-arm64 | 0.11.0 | 45.00 | NOTE | |||
r-release-windows-x86_64 | 0.11.0 | 18.00 | 87.00 | 105.00 | NOTE | |
r-oldrel-macos-arm64 | 0.11.0 | 56.00 | OK | |||
r-oldrel-macos-x86_64 | 0.11.0 | 76.00 | OK | |||
r-oldrel-windows-x86_64 | 0.11.0 | 25.00 | 100.00 | 125.00 | OK |
Version: 0.11.0
Check: Rd files
Result: NOTE
checkRd: (-1) buildIteratedFilter2.Rd:105: Lost braces
105 | Ionides, E.L., D. Nguyen, Y. Atchad{\'e}, S. Stoev, and A.A. King (2015). Inference for dynamic and latent variable models via iterated, perturbed Bayes maps. \emph{Proceedings of the National Academy of Sciences}, 112(3), 719-724.
| ^
Flavors: r-devel-linux-x86_64-debian-clang, r-devel-linux-x86_64-debian-gcc, r-devel-linux-x86_64-fedora-clang, r-devel-linux-x86_64-fedora-gcc, r-devel-windows-x86_64, r-patched-linux-x86_64, r-release-linux-x86_64, r-release-macos-arm64, r-release-windows-x86_64
These binaries (installable software) and packages are in development.
They may not be fully stable and should be used with caution. We make no claims about them.
Health stats visible at Monitor.