Last updated on 2024-05-02 11:51:28 CEST.
Flavor | Version | Tinstall | Tcheck | Ttotal | Status | Flags |
---|---|---|---|---|---|---|
r-devel-linux-x86_64-debian-clang | 1.0.0 | 18.46 | 245.48 | 263.94 | NOTE | |
r-devel-linux-x86_64-debian-gcc | 1.0.0 | 11.77 | 177.96 | 189.73 | NOTE | |
r-devel-linux-x86_64-fedora-clang | 1.0.0 | 311.05 | NOTE | |||
r-devel-linux-x86_64-fedora-gcc | 1.0.0 | 318.21 | NOTE | |||
r-devel-windows-x86_64 | 1.0.0 | 13.00 | 188.00 | 201.00 | NOTE | |
r-patched-linux-x86_64 | 1.0.0 | 10.15 | 231.35 | 241.50 | NOTE | |
r-release-linux-x86_64 | 1.0.0 | 10.80 | 232.80 | 243.60 | NOTE | |
r-release-macos-arm64 | 1.0.0 | 94.00 | NOTE | |||
r-release-windows-x86_64 | 1.0.0 | 16.00 | 185.00 | 201.00 | NOTE | |
r-oldrel-macos-arm64 | 1.0.0 | 92.00 | OK | |||
r-oldrel-macos-x86_64 | 1.0.0 | 204.00 | OK | |||
r-oldrel-windows-x86_64 | 1.0.0 | 19.00 | 224.00 | 243.00 | OK |
Version: 1.0.0
Check: Rd files
Result: NOTE
checkRd: (-1) get_huc.Rd:25: Lost braces
25 | See /link{download_nhdplusv2} for documentation of that dataset.}
| ^
checkRd: (-1) get_huc12.Rd:15: Lost braces
15 | See /link{download_nhdplusv2} for documentation of that dataset.}
| ^
Flavors: r-devel-linux-x86_64-debian-clang, r-devel-linux-x86_64-debian-gcc, r-devel-linux-x86_64-fedora-clang, r-devel-linux-x86_64-fedora-gcc, r-devel-windows-x86_64, r-patched-linux-x86_64, r-release-linux-x86_64, r-release-macos-arm64, r-release-windows-x86_64
These binaries (installable software) and packages are in development.
They may not be fully stable and should be used with caution. We make no claims about them.
Health stats visible at Monitor.