Last updated on 2025-05-15 11:50:08 CEST.
Flavor | Version | Tinstall | Tcheck | Ttotal | Status | Flags |
---|---|---|---|---|---|---|
r-devel-linux-x86_64-debian-clang | 1.0-1 | 7.69 | 60.40 | 68.09 | NOTE | |
r-devel-linux-x86_64-debian-gcc | 1.0-1 | 5.19 | 42.28 | 47.47 | NOTE | |
r-devel-linux-x86_64-fedora-clang | 1.0-1 | 106.61 | OK | |||
r-devel-linux-x86_64-fedora-gcc | 1.0-1 | 111.37 | OK | |||
r-devel-windows-x86_64 | 1.0-1 | 9.00 | 80.00 | 89.00 | OK | |
r-patched-linux-x86_64 | 1.0-1 | 6.38 | 58.01 | 64.39 | OK | |
r-release-linux-x86_64 | 1.0-1 | 5.24 | 56.81 | 62.05 | OK | |
r-release-macos-arm64 | 1.0-1 | 34.00 | OK | |||
r-release-macos-x86_64 | 1.0-1 | 58.00 | OK | |||
r-release-windows-x86_64 | 1.0-1 | 9.00 | 75.00 | 84.00 | OK | |
r-oldrel-macos-arm64 | 1.0-1 | 32.00 | OK | |||
r-oldrel-macos-x86_64 | 1.0-1 | 84.00 | OK | |||
r-oldrel-windows-x86_64 | 1.0-1 | 11.00 | 89.00 | 100.00 | OK |
Version: 1.0-1
Check: CRAN incoming feasibility
Result: NOTE
Maintainer: ‘Surya Tokdar <surya.tokdar@duke.edu>’
No Authors@R field in DESCRIPTION.
Please add one, modifying
Authors@R: person(given = "Surya",
family = "Tokdar",
role = c("aut", "cre"),
email = "surya.tokdar@duke.edu")
as necessary.
The Description field contains
may be found at <arXiv:1911.04387>.
Please refer to arXiv e-prints via their arXiv DOI <doi:10.48550/arXiv.YYMM.NNNNN>.
Flavors: r-devel-linux-x86_64-debian-clang, r-devel-linux-x86_64-debian-gcc
These binaries (installable software) and packages are in development.
They may not be fully stable and should be used with caution. We make no claims about them.
Health stats visible at Monitor.