Last updated on 2025-02-23 19:51:13 CET.
Flavor | Version | Tinstall | Tcheck | Ttotal | Status | Flags |
---|---|---|---|---|---|---|
r-devel-linux-x86_64-debian-clang | 1.32.4 | 7.81 | 203.38 | 211.19 | NOTE | |
r-devel-linux-x86_64-debian-gcc | 1.32.4 | 6.06 | 129.57 | 135.63 | NOTE | |
r-devel-linux-x86_64-fedora-clang | 1.32.4 | 336.94 | OK | |||
r-devel-linux-x86_64-fedora-gcc | 1.32.4 | 366.86 | OK | |||
r-devel-macos-arm64 | 1.32.4 | 136.00 | OK | |||
r-devel-macos-x86_64 | 1.32.4 | 301.00 | OK | |||
r-devel-windows-x86_64 | 1.32.4 | 10.00 | 857.00 | 867.00 | NOTE | |
r-patched-linux-x86_64 | 1.32.4 | 12.68 | 180.74 | 193.42 | OK | |
r-release-linux-x86_64 | 1.32.4 | 8.41 | 195.08 | 203.49 | OK | |
r-release-macos-arm64 | 1.32.4 | 137.00 | OK | |||
r-release-macos-x86_64 | 1.32.4 | 211.00 | OK | |||
r-release-windows-x86_64 | 1.32.4 | 9.00 | 649.00 | 658.00 | OK | |
r-oldrel-macos-arm64 | 1.32.4 | 134.00 | OK | |||
r-oldrel-macos-x86_64 | 1.32.4 | 370.00 | OK | |||
r-oldrel-windows-x86_64 | 1.32.4 | 11.00 | 652.00 | 663.00 | OK |
Version: 1.32.4
Check: Rd cross-references
Result: NOTE
Found the following Rd file(s) with Rd \link{} targets missing package
anchors:
copyNIfTIHeader.Rd: dropImageDimension, nifti
datatype.Rd: convert.datatype, convert.bitpix
double_ortho.Rd: orthographic
ensure_array.Rd: nifti
fast_readnii.Rd: readNifti, drop_img_dim
img_list_to_ts.Rd: nifti
img_ts_to_df.Rd: nifti
img_ts_to_list.Rd: nifti
img_ts_to_matrix.Rd: nifti
ortho2.Rd: orthographic
random_nifti.Rd: nifti
readNIfTI2.Rd: readNIfTI, drop_img_dim
remake_img.Rd: nifti
replace_dropped_dimensions.Rd: nifti
rescale_img.Rd: drop_img_dim
tempimg.Rd: drop_img_dim
writeNIfTI2.Rd: writeNIfTI, drop_img_dim
write_nifti.Rd: writeNifti
Please provide package anchors for all Rd \link{} targets not in the
package itself and the base packages.
Flavors: r-devel-linux-x86_64-debian-clang, r-devel-linux-x86_64-debian-gcc, r-devel-windows-x86_64
These binaries (installable software) and packages are in development.
They may not be fully stable and should be used with caution. We make no claims about them.
Health stats visible at Monitor.