Last updated on 2025-05-15 09:52:35 CEST.
Flavor | Version | Tinstall | Tcheck | Ttotal | Status | Flags |
---|---|---|---|---|---|---|
r-devel-linux-x86_64-debian-clang | 0.1-2 | 2041.89 | 279.40 | 2321.29 | NOTE | |
r-devel-linux-x86_64-debian-gcc | 0.1-2 | 1898.36 | 353.87 | 2252.23 | NOTE | |
r-devel-linux-x86_64-fedora-clang | 0.1-2 | 3515.42 | NOTE | |||
r-devel-linux-x86_64-fedora-gcc | 0.1-2 | 5849.32 | NOTE | |||
r-devel-windows-x86_64 | 0.1-2 | 2130.00 | 502.00 | 2632.00 | OK | |
r-patched-linux-x86_64 | 0.1-2 | 2389.16 | 492.19 | 2881.35 | OK | |
r-release-linux-x86_64 | 0.1-2 | 2442.76 | 493.65 | 2936.41 | OK | |
r-release-macos-arm64 | 0.1-2 | 937.00 | OK | |||
r-release-macos-x86_64 | 0.1-2 | 977.00 | OK | |||
r-release-windows-x86_64 | 0.1-2 | 2184.00 | 502.00 | 2686.00 | OK | |
r-oldrel-macos-arm64 | 0.1-2 | 523.00 | NOTE | |||
r-oldrel-macos-x86_64 | 0.1-2 | 387.00 | NOTE | |||
r-oldrel-windows-x86_64 | 0.1-2 | 2483.00 | 616.00 | 3099.00 | NOTE |
Version: 0.1-2
Check: CRAN incoming feasibility
Result: NOTE
Maintainer: ‘Ian Laga <ilaga25@gmail.com>’
The Description field contains
Niu, X (2021) <arXiv:2109.10204>, Zheng, T., Salganik, M. J., and
Please refer to arXiv e-prints via their arXiv DOI <doi:10.48550/arXiv.YYMM.NNNNN>.
Flavors: r-devel-linux-x86_64-debian-clang, r-devel-linux-x86_64-debian-gcc
Version: 0.1-2
Check: dependencies in R code
Result: NOTE
Namespaces in Imports field not imported from:
‘RcppParallel’ ‘rstantools’
All declared Imports should be used.
Flavors: r-devel-linux-x86_64-fedora-clang, r-devel-linux-x86_64-fedora-gcc
Version: 0.1-2
Check: installed package size
Result: NOTE
installed size is 244.2Mb
sub-directories of 1Mb or more:
libs 243.5Mb
Flavors: r-oldrel-macos-arm64, r-oldrel-macos-x86_64, r-oldrel-windows-x86_64
Version: 0.1-2
Check: for GNU extensions in Makefiles
Result: NOTE
GNU make is a SystemRequirements.
Flavors: r-oldrel-macos-arm64, r-oldrel-macos-x86_64, r-oldrel-windows-x86_64
These binaries (installable software) and packages are in development.
They may not be fully stable and should be used with caution. We make no claims about them.
Health stats visible at Monitor.