Last updated on 2025-10-09 13:49:48 CEST.
Flavor | Version | Tinstall | Tcheck | Ttotal | Status | Flags |
---|---|---|---|---|---|---|
r-devel-linux-x86_64-debian-clang | 1.0.7 | 16.61 | 156.66 | 173.27 | OK | |
r-devel-linux-x86_64-debian-gcc | 1.0.7 | 11.50 | 82.48 | 93.98 | ERROR | |
r-devel-linux-x86_64-fedora-clang | 1.0.7 | 268.15 | OK | |||
r-devel-linux-x86_64-fedora-gcc | 1.0.7 | 265.40 | OK | |||
r-devel-windows-x86_64 | 1.0.7 | 18.00 | 223.00 | 241.00 | OK | |
r-patched-linux-x86_64 | 1.0.7 | 16.15 | 143.69 | 159.84 | OK | |
r-release-linux-x86_64 | 1.0.7 | 14.06 | 145.33 | 159.39 | OK | |
r-release-macos-arm64 | 1.0.7 | 104.00 | OK | |||
r-release-macos-x86_64 | 1.0.7 | 183.00 | OK | |||
r-release-windows-x86_64 | 1.0.7 | 23.00 | 219.00 | 242.00 | OK | |
r-oldrel-macos-arm64 | 1.0.7 | 104.00 | OK | |||
r-oldrel-macos-x86_64 | 1.0.7 | 158.00 | OK | |||
r-oldrel-windows-x86_64 | 1.0.7 | 28.00 | 273.00 | 301.00 | OK |
Version: 1.0.7
Check: re-building of vignette outputs
Result: ERROR
Error(s) in re-building vignettes:
...
--- re-building ‘neotoma2-package.Rmd’ using rmarkdown
Quitting from neotoma2-package.Rmd:126-129 [sitewithwildcardname]
~~~~~~~~~~~~~~~~~~~~~~~~~~~~~~~~~~~~~~~~~~~~~~~~~~~~~~~~~~~~~~~~~~~~~~~~~~~~~~~~
<error/rlang_error>
Error in `get_response()`:
! Internal Server Error (HTTP 500). Failed to Could not connect to the Neotoma API.
Check that the path is valid, and
check the current status of the
Neotoma API services at
http://data.neotomadb.org.
---
Backtrace:
▆
1. ├─neotoma2::get_sites(sitename = "Alex%")
2. └─neotoma2:::get_sites.default(sitename = "Alex%")
3. └─neotoma2:::parseURL(base_url, ...)
4. └─neotoma2 (local) get_response(baseurl, x, query)
5. └─httr::stop_for_status(response, task = "Could not connect to the Neotoma API.\n Check that the path is valid, and \n check the current status of the\n Neotoma API services at \n http://data.neotomadb.org")
~~~~~~~~~~~~~~~~~~~~~~~~~~~~~~~~~~~~~~~~~~~~~~~~~~~~~~~~~~~~~~~~~~~~~~~~~~~~~~~~
Error: processing vignette 'neotoma2-package.Rmd' failed with diagnostics:
Internal Server Error (HTTP 500). Failed to Could not connect to the Neotoma API.
Check that the path is valid, and
check the current status of the
Neotoma API services at
http://data.neotomadb.org.
--- failed re-building ‘neotoma2-package.Rmd’
SUMMARY: processing the following file failed:
‘neotoma2-package.Rmd’
Error: Vignette re-building failed.
Execution halted
Flavor: r-devel-linux-x86_64-debian-gcc
These binaries (installable software) and packages are in development.
They may not be fully stable and should be used with caution. We make no claims about them.
Health stats visible at Monitor.