Last updated on 2024-05-02 04:00:27 CEST.
Flavor | Version | Tinstall | Tcheck | Ttotal | Status | Flags |
---|---|---|---|---|---|---|
r-devel-linux-x86_64-debian-clang | 1.13.3 | 13.98 | 106.06 | 120.04 | NOTE | |
r-devel-linux-x86_64-debian-gcc | 1.13.3 | 8.43 | 77.20 | 85.63 | NOTE | |
r-devel-linux-x86_64-fedora-clang | 1.13.3 | 147.48 | NOTE | |||
r-devel-linux-x86_64-fedora-gcc | 1.13.3 | 158.10 | NOTE | |||
r-devel-windows-x86_64 | 1.13.3 | 12.00 | 101.00 | 113.00 | NOTE | |
r-patched-linux-x86_64 | 1.13.3 | 17.79 | 98.76 | 116.55 | NOTE | |
r-release-linux-x86_64 | 1.13.3 | 8.70 | 99.28 | 107.98 | NOTE | |
r-release-macos-arm64 | 1.13.3 | 52.00 | NOTE | |||
r-release-windows-x86_64 | 1.13.3 | 11.00 | 99.00 | 110.00 | NOTE | |
r-oldrel-macos-arm64 | 1.13.3 | 48.00 | OK | |||
r-oldrel-macos-x86_64 | 1.13.3 | 67.00 | OK | |||
r-oldrel-windows-x86_64 | 1.13.3 | 15.00 | 118.00 | 133.00 | OK |
Version: 1.13.3
Check: Rd files
Result: NOTE
checkRd: (-1) norm_tests.Rd:69: Lost braces
69 | Anderson-Darling test." See url{https://github.com/Lakens/perfect-t-test} for
| ^
checkRd: (-1) t_neat.Rd:243: Lost braces
243 | Anderson-Darling test." See url{https://github.com/Lakens/perfect-t-test} for
| ^
Flavors: r-devel-linux-x86_64-debian-clang, r-devel-linux-x86_64-debian-gcc, r-devel-linux-x86_64-fedora-clang, r-devel-linux-x86_64-fedora-gcc, r-devel-windows-x86_64, r-patched-linux-x86_64, r-release-linux-x86_64, r-release-macos-arm64, r-release-windows-x86_64
These binaries (installable software) and packages are in development.
They may not be fully stable and should be used with caution. We make no claims about them.
Health stats visible at Monitor.