Last updated on 2025-02-23 15:49:51 CET.
Flavor | Version | Tinstall | Tcheck | Ttotal | Status | Flags |
---|---|---|---|---|---|---|
r-devel-linux-x86_64-debian-clang | 1.13.3 | 9.72 | 82.40 | 92.12 | NOTE | |
r-devel-linux-x86_64-debian-gcc | 1.13.3 | 5.42 | 58.09 | 63.51 | NOTE | |
r-devel-linux-x86_64-fedora-clang | 1.13.3 | 148.26 | NOTE | |||
r-devel-linux-x86_64-fedora-gcc | 1.13.3 | 151.43 | NOTE | |||
r-devel-macos-arm64 | 1.13.3 | 46.00 | NOTE | |||
r-devel-macos-x86_64 | 1.13.3 | 84.00 | NOTE | |||
r-devel-windows-x86_64 | 1.13.3 | 11.00 | 100.00 | 111.00 | NOTE | |
r-patched-linux-x86_64 | 1.13.3 | 17.36 | 76.99 | 94.35 | NOTE | |
r-release-linux-x86_64 | 1.13.3 | 9.15 | 76.13 | 85.28 | NOTE | |
r-release-macos-arm64 | 1.13.3 | 52.00 | NOTE | |||
r-release-macos-x86_64 | 1.13.3 | 67.00 | NOTE | |||
r-release-windows-x86_64 | 1.13.3 | 11.00 | 100.00 | 111.00 | NOTE | |
r-oldrel-macos-arm64 | 1.13.3 | 48.00 | OK | |||
r-oldrel-macos-x86_64 | 1.13.3 | 67.00 | OK | |||
r-oldrel-windows-x86_64 | 1.13.3 | 13.00 | 120.00 | 133.00 | OK |
Version: 1.13.3
Check: Rd files
Result: NOTE
checkRd: (-1) norm_tests.Rd:69: Lost braces
69 | Anderson-Darling test." See url{https://github.com/Lakens/perfect-t-test} for
| ^
checkRd: (-1) t_neat.Rd:243: Lost braces
243 | Anderson-Darling test." See url{https://github.com/Lakens/perfect-t-test} for
| ^
Flavors: r-devel-linux-x86_64-debian-clang, r-devel-linux-x86_64-debian-gcc, r-devel-linux-x86_64-fedora-clang, r-devel-linux-x86_64-fedora-gcc, r-devel-macos-arm64, r-devel-macos-x86_64, r-devel-windows-x86_64, r-patched-linux-x86_64, r-release-linux-x86_64, r-release-macos-arm64, r-release-macos-x86_64, r-release-windows-x86_64
Version: 1.13.3
Check: Rd cross-references
Result: NOTE
Found the following Rd file(s) with Rd \link{} targets missing package
anchors:
aggr_neat.Rd: data.table
rbind_loop.Rd: data.table
read_dir.Rd: data.table
Please provide package anchors for all Rd \link{} targets not in the
package itself and the base packages.
Flavors: r-devel-linux-x86_64-debian-clang, r-devel-linux-x86_64-debian-gcc, r-devel-windows-x86_64
These binaries (installable software) and packages are in development.
They may not be fully stable and should be used with caution. We make no claims about them.
Health stats visible at Monitor.