Last updated on 2025-02-08 19:49:25 CET.
Flavor | Version | Tinstall | Tcheck | Ttotal | Status | Flags |
---|---|---|---|---|---|---|
r-devel-linux-x86_64-debian-clang | 1.0.0 | 45.40 | 38.77 | 84.17 | NOTE | |
r-devel-linux-x86_64-debian-gcc | 1.0.0 | 33.33 | 29.53 | 62.86 | NOTE | |
r-devel-linux-x86_64-fedora-clang | 1.0.0 | 146.72 | NOTE | |||
r-devel-linux-x86_64-fedora-gcc | 1.0.0 | 165.01 | NOTE | |||
r-devel-windows-x86_64 | 1.0.0 | 47.00 | 82.00 | 129.00 | NOTE | |
r-patched-linux-x86_64 | 1.0.0 | 48.98 | 36.96 | 85.94 | NOTE | |
r-release-linux-x86_64 | 1.0.0 | 51.01 | 37.44 | 88.45 | NOTE | |
r-release-macos-arm64 | 1.0.0 | 41.00 | NOTE | |||
r-release-macos-x86_64 | 1.0.0 | 108.00 | NOTE | |||
r-release-windows-x86_64 | 1.0.0 | 48.00 | 84.00 | 132.00 | NOTE | |
r-oldrel-macos-arm64 | 1.0.0 | 49.00 | NOTE | |||
r-oldrel-macos-x86_64 | 1.0.0 | 78.00 | NOTE | |||
r-oldrel-windows-x86_64 | 1.0.0 | 58.00 | 97.00 | 155.00 | NOTE |
Version: 1.0.0
Check: package subdirectories
Result: NOTE
Problems with news in ‘NEWS.md’:
No news entries found.
Flavors: r-devel-linux-x86_64-debian-clang, r-devel-linux-x86_64-debian-gcc, r-devel-linux-x86_64-fedora-clang, r-devel-linux-x86_64-fedora-gcc, r-devel-windows-x86_64, r-patched-linux-x86_64, r-release-linux-x86_64, r-release-macos-arm64, r-release-macos-x86_64, r-release-windows-x86_64, r-oldrel-macos-arm64, r-oldrel-macos-x86_64, r-oldrel-windows-x86_64
Version: 1.0.0
Check: Rd files
Result: NOTE
checkRd: (-1) ncpen.Rd:108: Lost braces; missing escapes or markup?
108 | \item{gamma}{extra shrinkage parameter for \code{classo} and {sridge} only.}
| ^
checkRd: (-1) ncpen.reg.Rd:109: Lost braces; missing escapes or markup?
109 | \item{gamma}{extra shrinkage parameter for \code{classo} and {sridge} only.}
| ^
Flavors: r-devel-linux-x86_64-debian-clang, r-devel-linux-x86_64-debian-gcc, r-devel-linux-x86_64-fedora-clang, r-devel-linux-x86_64-fedora-gcc, r-devel-windows-x86_64, r-patched-linux-x86_64, r-release-linux-x86_64, r-release-macos-arm64, r-release-macos-x86_64, r-release-windows-x86_64
Version: 1.0.0
Check: LazyData
Result: NOTE
'LazyData' is specified without a 'data' directory
Flavors: r-patched-linux-x86_64, r-release-linux-x86_64, r-release-macos-arm64, r-release-macos-x86_64, r-release-windows-x86_64, r-oldrel-macos-arm64, r-oldrel-macos-x86_64, r-oldrel-windows-x86_64
Version: 1.0.0
Check: installed package size
Result: NOTE
installed size is 7.1Mb
sub-directories of 1Mb or more:
libs 6.9Mb
Flavors: r-release-macos-arm64, r-release-macos-x86_64, r-oldrel-macos-arm64, r-oldrel-macos-x86_64
These binaries (installable software) and packages are in development.
They may not be fully stable and should be used with caution. We make no claims about them.
Health stats visible at Monitor.