Last updated on 2024-05-02 13:50:05 CEST.
Flavor | Version | Tinstall | Tcheck | Ttotal | Status | Flags |
---|---|---|---|---|---|---|
r-devel-linux-x86_64-debian-clang | 1.6.7 | 12.03 | 107.96 | 119.99 | OK | |
r-devel-linux-x86_64-debian-gcc | 1.6.7 | 7.92 | 82.08 | 90.00 | OK | |
r-devel-linux-x86_64-fedora-clang | 1.6.7 | 148.40 | OK | |||
r-devel-linux-x86_64-fedora-gcc | 1.6.7 | 163.97 | NOTE | |||
r-devel-windows-x86_64 | 1.6.7 | 11.00 | 104.00 | 115.00 | OK | |
r-patched-linux-x86_64 | 1.6.7 | 18.29 | 105.96 | 124.25 | OK | |
r-release-linux-x86_64 | 1.6.7 | 6.58 | 102.78 | 109.36 | OK | |
r-release-macos-arm64 | 1.6.7 | 68.00 | OK | |||
r-release-windows-x86_64 | 1.6.7 | 10.00 | 103.00 | 113.00 | OK | |
r-oldrel-macos-arm64 | 1.6.7 | 68.00 | OK | |||
r-oldrel-macos-x86_64 | 1.6.7 | 95.00 | ERROR | |||
r-oldrel-windows-x86_64 | 1.6.7 | 12.00 | 121.00 | 133.00 | OK |
Version: 1.6.7
Check: for detritus in the temp directory
Result: NOTE
Found the following files/directories:
‘Crashpad’
Flavor: r-devel-linux-x86_64-fedora-gcc
Version: 1.6.7
Check: re-building of vignette outputs
Result: ERROR
Error(s) in re-building vignettes:
...
--- re-building ‘NBLAST-Clustering.Rmd’ using rmarkdown
Pandoc is required to build R Markdown vignettes but not available. Please make sure it is installed.
2023-07-10 21:31:32.757 R[43986:2287591920] XType: Using static font registry.
Quitting from lines 57-60 [unnamed-chunk-5] (NBLAST-Clustering.Rmd)
Error: processing vignette 'NBLAST-Clustering.Rmd' failed with diagnostics:
Saving a widget with selfcontained = TRUE requires pandoc. See here to learn more https://bookdown.org/yihui/rmarkdown-cookbook/install-pandoc.html
--- failed re-building ‘NBLAST-Clustering.Rmd’
SUMMARY: processing the following file failed:
‘NBLAST-Clustering.Rmd’
Error: Vignette re-building failed.
Execution halted
Flavor: r-oldrel-macos-x86_64
These binaries (installable software) and packages are in development.
They may not be fully stable and should be used with caution. We make no claims about them.
Health stats visible at Monitor.